Select a Year or Month report
V/Λ2023 > Jan Feb Mar Apr May Jun Jul Aug Sep Oct Nov Dec V/Λ2022 > Jan Feb Mar Apr May Jun Jul Aug Sep Oct Nov Dec V/Λ2021 > Jan Feb Mar Apr May Jun Jul Aug Sep Oct Nov Dec V/Λ2020 > Jan Feb Mar Apr May Jun Jul Aug Sep Oct Nov Dec V/Λ2019 > Jan Feb Mar Apr May Jun Jul Aug Sep Oct Nov Dec V/Λ2018 > Jan Feb Mar Apr May Jun Jul Aug Sep Oct Nov Dec V/Λ2017 > Jan Feb Mar Apr May Jun Jul Aug Sep Oct Nov Dec V/Λ2016 > Jan Feb Mar Apr May Jun Jul Aug Sep Oct Nov Dec V/Λ2015 > Jan Feb Mar Apr May Jun Jul Aug Sep Oct Nov Dec V/Λ2014 > Jan Feb Mar Apr May Jun Jul Aug Sep Oct Nov Dec V/Λ2013 > Jan Feb Mar Apr May Jun Jul Aug Sep Oct Nov Dec V/Λ2012 > Jan Feb Mar Apr May Jun Jul Aug Sep Oct Nov Dec

Report for 2012 Oct
                   Monthly Climatological Summary for Oct 2012

Name: West End Weather   City: Punxsutawney   State: Pennsylvania
Elevation: 1273 ft  Lat: N 40° 56' 41"   Lon: W 078° 59' 26"

                  Temperature (°F), Rain (in), Wind Speed (mph)

                                      Heat  Cool        Avg
    Mean                              Deg   Deg         Wind                 Dom
Day Temp  High   Time   Low    Time   Days  Days  Rain  Speed High   Time    Dir
----------------------------------------------------------------------------------
 1  52.2  66.3   15:08  40.6   07:20  12.8   0.0  0.00   0.1   5.0   11:48   SSW
 2  62.7  70.4   16:36  55.8   00:00   3.4   1.1  0.18   0.3   8.0   04:04     E
 3  65.7  74.6   12:35  59.3   23:56   1.9   2.6  0.00   0.7  12.0   13:21    SW
 4  62.3  73.0   15:41  51.9   23:58   4.2   1.5  0.00   0.8  14.0   12:37    SW
 5  59.5  73.3   14:24  46.8   07:22   7.3   1.8  0.00   0.8  15.0   14:03    SW
 6  52.3  64.1   01:49  38.3   23:53  12.7   0.0  0.12   1.1  14.0   17:37     W
 7  42.5  48.6   13:01  36.0   23:58  22.5   0.0  0.04   0.2   8.0   15:38   WSW
 8  42.1  48.8   16:44  36.0   00:01  22.9   0.0  0.00   0.1   5.0   04:32   SSW
 9  46.7  60.7   14:55  37.4   03:22  18.3   0.0  0.00   0.5   8.0   10:56   SSW
10  46.4  54.2   11:14  36.6   01:18  18.6   0.0  0.02   1.3  19.0   11:15    SW
11  43.5  55.5   15:37  33.3   23:57  21.5   0.0  0.00   1.3  12.0   13:40    SW
12  39.9  53.7   14:14  28.6   23:59  25.1   0.0  0.03   1.0  13.0   13:30    NW
13  43.2  61.1   16:28  23.8   07:20  21.8   0.0  0.00   0.9  11.0   13:08    SE
14  64.8  75.0   14:54  52.9   03:41   3.0   2.8  0.00   2.0  18.0   13:41   SSW
15  57.7  70.4   00:42  48.1   23:55   8.0   0.7  0.04   2.9  26.0   03:22    SW
16  47.2  56.8   14:40  35.6   23:58  17.8   0.0  0.04   0.8  11.0   15:26   WSW
17  49.7  69.4   15:33  30.7   07:28  15.9   0.6  0.00   0.4   8.0   13:21   SSE
18  54.0  66.4   13:44  44.8   04:29  11.0   0.0  0.52   1.4  19.0   14:22   ESE
19  52.9  67.4   15:47  41.4   03:04  12.2   0.2  0.11   0.7  12.0   23:13   SSW
20  49.0  53.9   00:00  46.1   08:55  16.0   0.0  0.01   2.4  16.0   02:39    SW
21  47.8  58.9   14:15  35.9   23:55  17.1   0.0  0.00   1.1  12.0   14:55   WSW
22  47.5  69.2   16:36  30.1   07:18  17.9   0.5  0.00   0.5  10.0   13:55    SW
23  58.7  73.7   16:03  47.8   00:20   7.8   1.5  0.00   0.5  10.0   14:14    SW
24  60.2  73.3   15:09  50.6   08:13   6.5   1.7  0.00   0.7  11.0   14:44    SW
25  63.0  81.4   15:49  46.0   07:50   6.7   4.6  0.00   0.9  13.0   18:49   ESE
26  62.7  76.2   15:07  51.2   07:44   4.7   2.4  0.00   0.8  11.0   17:18   ESE
27  56.8  63.8   13:40  47.4   23:36   8.2   0.0  0.01   0.9  10.0   09:38   ENE
28  45.8  47.4   00:00  44.3   23:27  19.2   0.0  0.16   1.4  11.0   20:49     N
29  42.0  44.3   00:00  39.0   20:46  23.0   0.0  2.88   3.3  24.0   22:10    NW
30  41.6  47.7   05:42  35.5   21:51  23.4   0.0  0.38   3.2  21.0   00:20   NNE
31  36.7  38.8   21:38  33.9   06:10  28.3   0.0  0.38   2.2  12.0   08:16    SW
----------------------------------------------------------------------------------
    51.5  81.4    25    23.8    13   439.7  22.0  4.92   1.1  26.0    15      SW

Max >=  80.0:  1
Max <=  32.0:  0
Min <=  32.0:  4
Min <=   0.0:  0
Max Rain: 2.88 on day 29
Days of Rain: 15 (>= 0.01 in)  8 (>= 0.10 in)  1 (>= 1.00 in)
Heat Base: 65.0  Cool Base: 65.0  Method: Integration