Select a Year or Month report
V/Λ2023 > Jan Feb Mar Apr May Jun Jul Aug Sep Oct Nov Dec
V/Λ2022 > Jan Feb Mar Apr May Jun Jul Aug Sep Oct Nov Dec
V/Λ2021 > Jan Feb Mar Apr May Jun Jul Aug Sep Oct Nov Dec
V/Λ2020 > Jan Feb Mar Apr May Jun Jul Aug Sep Oct Nov Dec
V/Λ2019 > Jan Feb Mar Apr May Jun Jul Aug Sep Oct Nov Dec
V/Λ2018 > Jan Feb Mar Apr May Jun Jul Aug Sep Oct Nov Dec
V/Λ2017 > Jan Feb Mar Apr May Jun Jul Aug Sep Oct Nov Dec
V/Λ2016 > Jan Feb Mar Apr May Jun Jul Aug Sep Oct Nov Dec
V/Λ2015 > Jan Feb Mar Apr May Jun Jul Aug Sep Oct Nov Dec
V/Λ2014 > Jan Feb Mar Apr May Jun Jul Aug Sep Oct Nov Dec
V/Λ2013 > Jan Feb Mar Apr May Jun Jul Aug Sep Oct Nov Dec
V/Λ2012 > Jan Feb Mar Apr May Jun Jul Aug Sep Oct Nov Dec

Report for 2013 Jan
                   Monthly Climatological Summary for Jan 2013

Name: West End Weather   City: Punxsutawney   State: Pennsylvania
Elevation: 1273 ft  Lat: N 40° 56' 41"   Lon: W 078° 59' 26"

                  Temperature (°F), Rain (in), Wind Speed (mph)

                                      Heat  Cool        Avg
    Mean                              Deg   Deg         Wind                 Dom
Day Temp  High   Time   Low    Time   Days  Days  Rain  Speed High   Time    Dir
----------------------------------------------------------------------------------
 1  27.8  31.1   00:22  15.9   23:57  37.0   0.0  0.00   2.1  12.0   00:18   WSW
 2  17.6  26.3   13:57   7.7   23:59  47.4   0.0  0.01   1.1  13.0   12:31   WSW
 3  16.5  30.0   15:31  -2.5   07:51  48.5   0.0  0.01   1.6  17.0   20:56   WSW
 4  27.5  30.7   15:36  25.7   07:36  37.5   0.0  0.00   4.6  21.0   12:09   WSW
 5  26.0  31.3   15:18  21.3   19:48  39.0   0.0  0.00   1.5  13.0   01:51   WSW
 6  32.1  37.0   13:43  24.3   00:00  32.9   0.0  0.01   1.7  12.0   11:20    SW
 7  30.0  33.7   00:00  14.7   23:59  35.0   0.0  0.00   1.5  14.0   00:38   WSW
 8  21.0  41.6   15:49   7.6   07:45  43.8   0.0  0.00   0.2   7.0   14:13   SSW
 9  28.8  44.8   15:10  13.4   04:36  36.2   0.0  0.02   1.5  16.0   15:05    SW
10  32.5  41.3   15:54  20.4   08:06  32.5   0.0  0.00   0.2   6.0   00:15   SSW
11  39.1  43.5   11:12  36.3   23:49  25.9   0.0  0.31   2.0  11.0   01:50     E
12  39.6  50.0   14:55  35.3   07:43  25.4   0.0  0.00   0.0   2.0   12:33   NNW
13  52.8  68.9   15:12  38.6   08:00  12.6   0.4  0.14   1.3  19.0   10:41   SSW
14  38.6  56.8   00:34  30.9   23:56  26.5   0.0  0.04   2.0  21.0   02:24     W
15  29.4  33.8   15:01  22.2   08:12  35.6   0.0  0.00   0.4   9.0   23:02   ENE
16  31.6  34.3   14:00  29.2   03:32  33.4   0.0  0.03   1.7  16.0   20:31    SW
17  31.9  34.1   13:54  29.3   23:37  33.1   0.0  0.04   1.7  15.0   01:24   WSW
18  24.1  29.9   00:09  17.2   07:55  40.9   0.0  0.01   2.8  18.0   04:57     W
19  41.5  50.2   15:04  29.3   00:00  23.5   0.0  0.12   3.9  19.0   13:07    SW
20  33.1  45.4   01:18  20.1   21:29  31.9   0.0  0.00   5.3  25.0   08:06   WSW
21  19.6  23.4   12:39  10.6   23:58  45.4   0.0  0.00   1.8  15.0   20:05   WSW
22   7.3  11.1   15:01   1.7   23:58  57.6   0.0  0.00   2.7  20.0   11:23   WSW
23   6.2  14.3   13:41   0.6   07:00  58.8   0.0  0.00   1.1  12.0   11:31   WSW
24  10.9  21.5   15:24   2.4   23:22  54.1   0.0  0.00   1.2  13.0   12:18     W
25  11.1  17.1   14:51   2.5   00:00  53.9   0.0  0.00   1.2  13.0   10:59     E
26  20.9  26.4   12:28  14.6   00:00  44.1   0.0  0.00   0.7   8.0   12:54     W
27  22.5  32.3   16:33  13.4   05:50  42.5   0.0  0.06   0.1   8.0   21:12     E
28  37.2  46.3   23:55  28.4   02:24  27.8   0.0  0.37   1.4  11.0   13:20    SW
29  47.3  58.0   15:36  38.2   23:57  17.7   0.0  0.08   0.6  12.0   14:40    SW
30  51.0  62.9   10:25  36.4   01:11  14.0   0.0  0.91   1.4  21.0   23:51     S
31  28.6  50.0   00:00  21.4   23:34  36.4   0.0  0.13   6.6  28.0   11:31   WSW
----------------------------------------------------------------------------------
    28.5  68.9    13    -2.5     3  1130.9   0.4  2.29   1.8  28.0    31     WSW

Max >=  80.0:  0
Max <=  32.0: 12
Min <=  32.0: 26
Min <=   0.0:  1
Max Rain: 0.91 on day 30
Days of Rain: 16 (>= 0.01 in)  6 (>= 0.10 in)  0 (>= 1.00 in)
Heat Base: 65.0  Cool Base: 65.0  Method: Integration