Select a Year or Month report
V/Λ2023 > Jan Feb Mar Apr May Jun Jul Aug Sep Oct Nov Dec
V/Λ2022 > Jan Feb Mar Apr May Jun Jul Aug Sep Oct Nov Dec
V/Λ2021 > Jan Feb Mar Apr May Jun Jul Aug Sep Oct Nov Dec
V/Λ2020 > Jan Feb Mar Apr May Jun Jul Aug Sep Oct Nov Dec
V/Λ2019 > Jan Feb Mar Apr May Jun Jul Aug Sep Oct Nov Dec
V/Λ2018 > Jan Feb Mar Apr May Jun Jul Aug Sep Oct Nov Dec
V/Λ2017 > Jan Feb Mar Apr May Jun Jul Aug Sep Oct Nov Dec
V/Λ2016 > Jan Feb Mar Apr May Jun Jul Aug Sep Oct Nov Dec
V/Λ2015 > Jan Feb Mar Apr May Jun Jul Aug Sep Oct Nov Dec
V/Λ2014 > Jan Feb Mar Apr May Jun Jul Aug Sep Oct Nov Dec
V/Λ2013 > Jan Feb Mar Apr May Jun Jul Aug Sep Oct Nov Dec
V/Λ2012 > Jan Feb Mar Apr May Jun Jul Aug Sep Oct Nov Dec

Report for 2013 Feb
                   Monthly Climatological Summary for Feb 2013

Name: West End Weather   City: Punxsutawney   State: Pennsylvania
Elevation: 1273 ft  Lat: N 40° 56' 41"   Lon: W 078° 59' 26"

                  Temperature (°F), Rain (in), Wind Speed (mph)

                                      Heat  Cool        Avg
    Mean                              Deg   Deg         Wind                 Dom
Day Temp  High   Time   Low    Time   Days  Days  Rain  Speed High   Time    Dir
----------------------------------------------------------------------------------
 1  16.7  21.6  12:00a  11.2  11:38p  48.3   0.0  0.00   4.0  21.0  10:17a   WSW
 2  16.2  21.2   3:36p  10.2   1:30a  48.8   0.0  0.00   1.4  15.0  12:45p    SW
 3  21.7  26.7  12:13p  17.1  10:55p  43.3   0.0  0.02   1.4  13.0   5:01p   WSW
 4  20.9  26.5   3:16p  15.7   2:22a  44.1   0.0  0.01   2.1  16.0  10:04a    SW
 5  26.5  30.6  12:11p  23.3  12:00a  38.5   0.0  0.00   0.4   9.0   7:29p    SW
 6  24.7  31.3   1:42p  10.9  11:32p  40.3   0.0  0.01   1.7  13.0  11:11a     W
 7  25.6  37.6   3:26p  10.2   1:37a  39.4   0.0  0.02   2.7  18.0   9:43p     E
 8  30.8  36.1   2:00p  20.5  11:57p  34.2   0.0  0.21   3.4  21.0   5:37p     W
 9  21.5  31.1   4:10p  12.9  11:56p  43.5   0.0  0.00   2.2  14.0  12:32a     W
10  26.9  46.5   2:46p   7.1   6:08a  38.0   0.0  0.02   2.0  13.0   5:23p     E
11  43.3  60.8   1:53p  34.8   3:08a  21.7   0.0  0.14   4.4  25.0   6:56p   WSW
12  30.9  35.1  12:00a  21.8  11:59p  34.1   0.0  0.00   3.4  18.0   7:10a   WSW
13  29.1  41.9   2:19p  17.8   6:07a  34.9   0.0  0.02   0.3   8.0  10:08a   ENE
14  32.5  38.8   5:22p  26.7   3:59a  32.5   0.0  0.03   1.1  14.0  10:28p    SW
15  34.6  39.5   1:57p  28.3  11:54p  30.4   0.0  0.00   2.0  13.0   1:19p   WSW
16  25.1  29.6   1:23p  15.4  11:58p  39.9   0.0  0.00   1.1  10.0   5:16p   WNW
17  17.6  24.1  12:43p  13.4  11:44p  47.4   0.0  0.00   3.0  17.0  12:23p     W
18  23.2  39.3   4:33p   6.5   7:05a  41.8   0.0  0.00   0.6  10.0  12:27p   SSW
19  33.3  42.3  12:46p  22.2  11:59p  31.7   0.0  0.40   3.0  22.0   2:18p   WSW
20  19.0  22.5  12:58p  16.0   7:18a  46.0   0.0  0.00   4.7  19.0   1:01p   WSW
21  19.9  25.4   4:21p  13.5  11:40p  45.1   0.0  0.00   2.2  12.0  12:09a     W
22  25.5  30.2   9:59p  13.5  12:09a  39.5   0.0  0.00   3.8  16.0  11:30a     E
23  33.4  43.1   2:24p  25.7  11:30p  31.6   0.0  0.01   1.0  11.0  12:08a     E
24  28.6  32.6   3:01p  25.9  12:00a  36.4   0.0  0.00   1.9  15.0   2:40p     W
25  31.0  43.1   3:13p  22.3   6:58a  34.0   0.0  0.00   0.4   8.0   3:11p     W
26  32.6  38.4  12:24p  23.5   2:01a  32.4   0.0  0.53   5.2  24.0   1:19p     E
27  36.2  42.3   1:44p  32.9   7:15a  28.8   0.0  0.37   1.8  17.0   1:08a     S
28  33.0  34.6   1:23p  31.7   6:38a  32.0   0.0  0.06   1.9  11.0  11:41a    SW
----------------------------------------------------------------------------------
    27.2  60.8    11     6.5    18  1058.6   0.0  1.85   2.2  25.0    11     WSW

Max >=  80.0:  0
Max <=  32.0: 12
Min <=  32.0: 26
Min <=   0.0:  0
Max Rain: 0.53 on day 26
Days of Rain: 14 (>= 0.01 in)  5 (>= 0.10 in)  0 (>= 1.00 in)
Heat Base: 65.0  Cool Base: 65.0  Method: Integration