Select a Year or Month report
V/Λ2023 > Jan Feb Mar Apr May Jun Jul Aug Sep Oct Nov Dec
V/Λ2022 > Jan Feb Mar Apr May Jun Jul Aug Sep Oct Nov Dec
V/Λ2021 > Jan Feb Mar Apr May Jun Jul Aug Sep Oct Nov Dec
V/Λ2020 > Jan Feb Mar Apr May Jun Jul Aug Sep Oct Nov Dec
V/Λ2019 > Jan Feb Mar Apr May Jun Jul Aug Sep Oct Nov Dec
V/Λ2018 > Jan Feb Mar Apr May Jun Jul Aug Sep Oct Nov Dec
V/Λ2017 > Jan Feb Mar Apr May Jun Jul Aug Sep Oct Nov Dec
V/Λ2016 > Jan Feb Mar Apr May Jun Jul Aug Sep Oct Nov Dec
V/Λ2015 > Jan Feb Mar Apr May Jun Jul Aug Sep Oct Nov Dec
V/Λ2014 > Jan Feb Mar Apr May Jun Jul Aug Sep Oct Nov Dec
V/Λ2013 > Jan Feb Mar Apr May Jun Jul Aug Sep Oct Nov Dec
V/Λ2012 > Jan Feb Mar Apr May Jun Jul Aug Sep Oct Nov Dec

Report for 2014 Nov
                   Monthly Climatological Summary for Nov 2014

Name: West End Weather   City: Punxsutawney   State: Pennsylvania
Elevation: 1279 ft  Lat: N 40° 56' 41"   Lon: W 078° 59' 26"

                  Temperature (°F), Rain (in), Wind Speed (mph)

                                      Heat  Cool        Avg
    Mean                              Deg   Deg         Wind                 Dom
Day Temp  High   Time   Low    Time   Days  Days  Rain  Speed High   Time    Dir
----------------------------------------------------------------------------------
 1  39.9  46.8  12:05p  35.0  11:44p  25.1   0.0  0.02   4.0  23.0   3:55p   NNW
 2  35.8  45.6   1:59p  26.4  10:05p  30.5   0.0  0.00   4.3  24.0  11:50a    NW
 3  41.0  52.9   2:42p  26.1   6:46a  24.0   0.0  0.00   2.3  17.0   2:33p    SW
 4  51.5  65.7   3:13p  32.0   6:47a  13.5   0.0  0.00   3.3  20.0  11:52a    SW
 5  49.8  60.1  12:00a  40.1  11:21p  15.2   0.0  0.03   2.4  23.0   1:28a   WSW
 6  44.0  50.6   2:29p  40.2  12:00a  21.0   0.0  0.74   0.7  10.0   1:18p   WNW
 7  38.1  42.3   3:57a  32.2  11:57p  26.9   0.0  0.07   3.8  21.0   2:10p   WNW
 8  38.6  48.8   1:28p  25.7   6:54a  26.4   0.0  0.01   2.3  15.0  10:33p    SW
 9  42.7  48.6   3:04p  39.1   6:30a  22.3   0.0  0.00   2.2  15.0   1:35p   WSW
10  49.6  66.9   3:28p  33.4   7:22a  15.5   0.1  0.00   1.5  14.0   6:08p   SSE
11  49.6  69.8   2:23p  31.7   7:09a  16.3   0.9  0.00   1.6  20.0  12:18p    SW
12  41.4  57.6   2:58a  35.1  11:51p  23.6   0.0  0.11   3.4  20.0   3:20a   WNW
13  32.6  35.1  12:00a  27.6  11:29p  32.4   0.0  0.05   2.0  12.0   6:53p     W
14  28.7  31.8   1:38p  26.9   7:22a  36.3   0.0  0.00   3.9  19.0  11:37a     W
15  29.0  38.0   2:17p  21.5  11:59p  36.0   0.0  0.00   1.4  13.0   2:07p   WSW
16  31.6  37.0   4:31p  20.7  12:37a  33.4   0.0  0.01   0.9  14.0  12:19p    SW
17  32.5  39.9  12:42p  18.1  11:59p  32.5   0.0  0.51   2.6  26.0  10:34p   WNW
18  16.5  19.3   1:47p  13.4   7:27a  48.5   0.0  0.02   6.2  27.0   1:39p   WNW
19  21.3  35.6  10:42p   6.1   6:41a  43.6   0.0  0.00   2.9  19.0  11:03a     W
20  26.5  35.4  12:00a  20.3  11:43p  38.5   0.0  0.00   5.6  24.0  12:40p     W
21  19.8  28.2   1:08p  10.6  11:55p  45.2   0.0  0.00   2.8  17.0   1:55a     W
22  23.6  34.9   3:55p   6.8   6:25a  41.4   0.0  0.05   0.4  11.0  11:30a    SW
23  47.1  61.9   1:37p  34.1  12:00a  17.9   0.0  0.18   2.0  25.0   8:40p    SE
24  58.9  68.3  11:15a  43.3  11:59p   6.7   0.6  0.21   7.6  37.0   3:10p   SSW
25  39.2  48.0   1:50p  26.5  11:59p  25.8   0.0  0.00   4.0  24.0  12:29p   WSW
26  31.2  34.4   3:11p  26.5  12:00a  33.8   0.0  0.13   0.3   7.0   9:20a    NE
27  31.6  35.3   1:56p  27.8  10:40p  33.4   0.0  0.01   1.6  16.0   6:30p   WNW
28  24.8  28.9  12:56p  18.9  10:04p  40.2   0.0  0.01   2.7  17.0   8:30a   WNW
29  33.1  43.0   2:46p  20.2  12:00a  31.8   0.0  0.01   2.0  13.0   4:55p   ESE
30  51.1  60.6  11:25p  39.3   3:08a  13.9   0.0  0.00   2.8  19.0  11:33p    SW
----------------------------------------------------------------------------------
    36.7  69.8    11     6.1    19   851.6   1.6  2.17   2.8  37.0    24       W

Max >=  80.0:  0
Max <=  32.0:  4
Min <=  32.0: 20
Min <=   0.0:  0
Max Rain: 0.74 on day 6
Days of Rain: 17 (>= 0.01 in)  6 (>= 0.10 in)  0 (>= 1.00 in)
Heat Base: 65.0  Cool Base: 65.0  Method: Integration