Select a Year or Month report
Report for 2016 May
Monthly Climatological Summary for May 2016
Name: West End Weather City: Punxsutawney State: Pennsylvania
Elevation: 1279 ft Lat: N 40 56 38 Lon: W 078 59 26
Temperature (°F), Rain (in), Wind Speed (mph)
Heat Cool Avg
Mean Deg Deg Wind Dom
Day Temp High Time Low Time Days Days Rain Speed High Time Dir
----------------------------------------------------------------------------------
01 57.2 72.1 5:26PM 49.6 1:32AM 8.5 0.7 0.92 0.9 27.0 9:40AM SSE
02 59.3 67.2 3:04PM 53.5 12:02AM 5.7 0.1 0.11 3.1 26.0 11:55AM WNW
03 55.9 64.0 2:57PM 50.1 11:58PM 9.1 0.0 0.00 2.3 23.0 5:01PM WNW
04 52.1 62.7 4:18PM 41.5 3:44AM 12.9 0.0 0.30 1.5 16.0 8:37PM SSE
05 55.5 63.3 2:19PM 50.0 2:53AM 9.5 0.0 0.03 3.4 27.0 3:11PM NNE
06 53.1 62.9 12:00PM 41.8 11:41PM 11.9 0.0 0.13 3.3 32.0 12:40PM NNE
07 54.4 66.4 3:06PM 41.5 2:16AM 10.6 0.0 0.00 0.8 17.0 2:24PM SSW
08 54.1 63.3 4:00PM 39.8 11:59PM 10.9 0.0 0.00 5.9 33.0 4:27PM WNW
09 49.4 62.6 2:59PM 33.9 6:02AM 15.6 0.0 0.00 2.5 18.0 12:42PM SW
10 51.7 63.6 5:40PM 39.6 1:37AM 13.3 0.0 0.08 2.5 14.0 1:18PM E
11 57.8 64.1 6:47PM 52.6 11:57PM 7.2 0.0 0.00 2.4 15.0 12:55PM E
12 63.2 80.5 2:57PM 51.7 12:35AM 4.4 2.6 0.17 2.0 29.0 4:55PM SE
13 61.9 71.0 3:47PM 50.8 11:58PM 3.7 0.6 0.17 2.8 26.0 4:19PM W
14 48.6 55.4 2:04PM 42.3 11:46PM 16.4 0.0 0.42 2.9 32.0 2:12PM W
15 40.9 46.5 4:51PM 34.6 1:57PM 24.1 0.0 0.17 4.8 38.0 1:33PM W
16 47.8 62.6 3:36PM 32.2 5:48AM 17.2 0.0 0.00 3.2 28.0 12:42PM WSW
17 52.5 61.9 2:53PM 41.0 12:41AM 12.5 0.0 0.00 1.2 18.0 1:18PM WNW
18 53.1 62.1 4:42PM 47.3 11:22PM 11.9 0.0 0.11 1.6 16.0 7:03PM SE
19 53.2 68.9 4:41PM 38.8 5:00AM 12.1 0.3 0.00 1.2 51.0 8:11PM NE
20 56.9 72.3 2:52PM 35.7 5:50AM 10.1 2.0 0.00 2.1 17.0 7:16PM SE
21 52.8 58.9 3:11AM 50.1 10:24PM 12.2 0.0 0.63 1.9 19.0 10:24AM E
22 54.2 60.2 6:10PM 49.1 5:06AM 10.8 0.0 0.23 0.2 17.0 3:10PM NW
23 61.0 75.5 5:38PM 47.8 6:24AM 6.4 2.4 0.17 1.3 17.0 1:55PM NNW
24 61.6 78.6 4:36PM 43.6 6:23AM 7.6 4.2 0.00 2.4 24.0 4:24PM W
25 63.8 81.6 3:18PM 43.8 5:44AM 7.0 5.8 0.00 1.8 20.0 12:47PM SW
26 69.9 82.0 3:29PM 58.1 12:00AM 1.9 6.8 0.00 2.6 24.0 2:08PM SSW
27 72.0 85.9 4:32PM 58.6 6:09AM 1.5 8.4 0.00 1.6 21.0 1:51PM SW
28 74.8 89.1 4:32PM 59.7 5:52AM 1.0 10.8 0.00 1.3 20.0 4:40PM SSW
29 70.9 82.3 11:42AM 61.0 11:50PM 0.2 6.1 0.00 0.5 22.0 4:23PM SW
30 68.4 83.4 5:03PM 54.7 5:10AM 2.9 6.3 0.01 1.6 20.0 5:43PM WNW
31 68.5 84.5 4:51PM 50.3 5:50AM 4.0 7.5 0.00 1.1 17.0 2:22PM NW
----------------------------------------------------------------------------------
58.0 89.1 28 32.2 16 283.1 64.6 3.65 2.1 51.0 19 W
Max >= 80.0 8
Max <= 32.0 0
Min <= 32.0 0
Min <= 0.0 0
Max Rain: 0.92 on day 1
Days of Rain: 15 (>= 0.01 in) 12 (>= 0.10 in) 0 (>= 1.00 in)
Heat Base: 65.0 Cool Base: 65.0 Method: Integration