Select a Year or Month report

Report for 2017 Nov
                   Monthly Climatological Summary for Nov 2017

Name: West End Weather   City: Punxsutawney   State: Pennsylvania
Elevation: 1279 ft  Lat: N 40 56 38   Lon: W 078 59 26

                  Temperature (°F), Rain (in), Wind Speed (mph)

                                      Heat  Cool        Avg
    Mean                              Deg   Deg         Wind                 Dom
Day Temp  High   Time   Low    Time   Days  Days  Rain  Speed High   Time    Dir
----------------------------------------------------------------------------------
01  37.8  45.9  9:42PM  27.9  2:53AM  27.2   0.0  0.34   0.2   6.8 11:13AM   ENE
02  53.1  64.4  4:21PM  44.7  3:07AM  11.9   0.0  0.10   0.7  17.4 12:17PM   SSW
03  51.4  60.9  7:03AM  33.7 11:28PM  13.6   0.0  0.02   1.0  14.4 11:01AM   WNW
04  43.5  57.7  4:04PM  29.3  6:45AM  21.5   0.0  0.01   1.7  15.1  7:11PM   ESE
05  53.7  59.2  3:56PM  48.7 12:07AM  11.8   0.0  1.66   0.8  12.1  8:47PM   ESE
06  49.1  58.6  6:03AM  32.2 10:10PM  16.0   0.0  0.33   1.6  22.7  9:48AM   WNW
07  34.3  37.1 10:53AM  30.8  4:27AM  30.7   0.0  0.15   0.1   9.8  7:01AM    NE
08  33.9  48.2  3:21PM  25.0 11:49PM  31.1   0.0  0.00   0.4   9.8  1:43PM     E
09  38.2  52.4  1:52PM  22.9  6:39AM  26.8   0.0  0.00   2.2  23.4 11:21PM   WSW
10  26.6  41.3 12:00AM  13.3 11:56PM  38.4   0.0  0.00   5.4  23.4 12:22AM    NW
11  23.1  34.6  2:34PM  11.0  6:02AM  41.9   0.0  0.00   1.5  13.6  9:47AM     E
12  32.0  45.6  3:33PM  21.7  7:26AM  33.0   0.0  0.00   0.1   6.8 12:16PM   ENE
13  38.8  46.3  2:49PM  34.2 12:00AM  26.2   0.0  0.03   0.5  12.9  2:51PM   WNW
14  37.3  42.4  2:59PM  27.0 11:58PM  27.7   0.0  0.00   0.0   6.0  4:21AM    NW
15  36.6  46.3 12:29PM  22.7  6:12AM  28.4   0.0  0.01   1.5  16.6  9:21PM    SE
16  40.5  46.0  9:18AM  35.1  9:48PM  24.4   0.0  0.09   3.3  22.7 10:03AM   WSW
17  34.5  42.3  1:39PM  26.1 11:55PM  30.5   0.0  0.02   1.2  14.4  4:00AM   WNW
18  39.8  48.1  2:45PM  25.2  1:55AM  25.1   0.0  1.77   0.4  15.9  8:27PM    SE
19  37.0  55.2  1:05AM  31.1  8:59PM  28.0   0.0  0.20   5.4  27.2  1:09AM     W
20  33.3  41.7  2:42PM  25.6 11:20PM  31.7   0.0  0.01   3.7  21.2  7:57AM    SW
21  37.4  55.6  3:02PM  20.9  7:03AM  27.6   0.0  0.00   2.9  25.7  1:33PM   SSW
22  34.2  44.2  3:42AM  30.3  9:43PM  30.8   0.0  0.08   3.5  21.2  4:40AM   WNW
23  31.5  36.8  2:05PM  26.9  7:42PM  33.5   0.0  0.00   1.5  11.3  1:07PM   WSW
24  34.1  52.1  3:03PM  21.4  7:11AM  30.9   0.0  0.00   1.3  14.4 11:22AM   SSW
25  41.7  55.6 12:26PM  26.0  3:48AM  23.3   0.0  0.00   3.5  22.7  7:20PM   WSW
26  35.5  41.5 12:00AM  31.6  6:13PM  29.5   0.0  0.02   3.5  15.1  2:06AM     W
27  36.0  49.4  2:18PM  26.7  6:29AM  29.0   0.0  0.00   1.4  12.9  1:25PM   WSW
28  40.0  64.4  2:38PM  24.2  6:55AM  25.0   0.0  0.00   1.2  16.6  1:51PM   SSW
29  44.2  53.8 12:22PM  23.7 11:50PM  20.7   0.0  0.00   3.2  24.9  8:49AM     W
30  40.3  59.2  1:56PM  23.7 12:29AM  24.7   0.0  0.11   1.6  15.1  1:08PM   SSW
----------------------------------------------------------------------------------
    38.3  64.4     2    11.0    11   800.9   0.0  4.95   1.8  27.2    19     WSW

Max >=  80.0  0
Max <=  32.0  0
Min <=  32.0 24
Min <=   0.0  0
Max Rain: 1.77 on day 18
Days of Rain: 17 (>= 0.01 in)  8 (>= 0.10 in)  2 (>= 1.00 in)
Heat Base: 65.0  Cool Base: 65.0  Method: Integration