Select a Year or Month report
Report for 2018 Mar
Monthly Climatological Summary for Mar 2018
Name: West End Weather City: Punxsutawney State: Pennsylvania
Elevation: 1279 ft Lat: N 40 56 38 Lon: W 078 59 26
Temperature (°F), Rain (in), Wind Speed (mph)
Heat Cool Avg
Mean Deg Deg Wind Dom
Day Temp High Time Low Time Days Days Rain Speed High Time Dir
----------------------------------------------------------------------------------
01 45.5 50.3 11:48AM 35.2 11:59PM 19.5 0.0 1.20 2.5 28.0 10:36PM ESE
02 31.5 35.2 12:00AM 28.1 11:42PM 33.5 0.0 0.12 8.8 31.0 2:14AM WNW
03 28.9 39.7 2:23PM 23.4 5:29AM 36.1 0.0 0.00 4.0 20.4 10:39AM NNW
04 28.5 40.7 3:27PM 18.1 6:55AM 36.5 0.0 0.00 2.9 21.9 12:49PM NNW
05 27.8 41.4 3:13PM 16.0 6:46AM 37.2 0.0 0.00 1.2 12.1 1:25PM NNW
06 31.0 37.6 1:18PM 21.0 12:21AM 34.0 0.0 0.00 2.7 14.4 1:23PM E
07 33.2 39.0 3:44PM 27.0 11:55PM 31.8 0.0 0.29 1.5 19.7 6:27PM NW
08 26.5 29.5 1:46PM 23.2 6:44AM 38.5 0.0 0.01 3.8 16.6 1:49PM WNW
09 27.0 30.1 12:12PM 23.1 11:27PM 38.0 0.0 0.09 4.4 21.9 12:39PM WNW
10 26.3 34.6 11:40AM 13.3 6:51AM 38.6 0.0 0.01 2.1 18.9 10:23AM NW
11 25.9 39.9 4:15PM 13.0 6:10AM 37.4 0.0 0.00 1.1 10.6 11:58AM NW
12 29.5 41.8 3:37PM 21.1 12:24AM 35.5 0.0 0.00 2.0 15.1 8:41PM NNE
13 28.0 37.0 2:45PM 24.0 7:32AM 36.9 0.0 0.00 4.1 18.9 3:28PM NW
14 26.0 28.6 2:04PM 24.1 4:36AM 39.0 0.0 0.03 6.1 27.2 3:33PM NW
15 29.9 37.0 3:36PM 24.8 4:39AM 35.1 0.0 0.01 3.9 23.4 6:31PM WNW
16 25.0 29.3 12:00AM 16.1 11:59PM 40.0 0.0 0.01 5.6 23.4 4:23PM NW
17 25.8 42.3 4:18PM 9.4 6:50AM 39.1 0.0 0.00 ---- 12.9 4:41PM WNW
18 32.7 51.5 4:14PM 16.8 7:12AM 32.3 0.0 0.00 ---- 15.1 12:14PM WNW
19 35.6 50.7 4:04PM 19.6 7:11AM 29.4 0.0 0.00 ---- 13.6 11:09AM NNE
20 32.8 37.4 6:23PM 28.1 8:26AM 32.2 0.0 0.00 ---- 21.9 11:28PM ENE
21 30.6 36.2 6:20PM 26.3 11:58PM 34.4 0.0 0.35 ---- 18.9 2:47AM NNE
22 27.0 40.4 3:57PM 11.1 7:50AM 38.0 0.0 0.00 ---- 19.7 3:56PM W
23 29.4 40.2 2:33PM 16.7 7:31AM 35.6 0.0 0.00 ---- 19.7 2:34PM WNW
24 31.7 46.5 4:05PM 16.9 7:08AM 33.2 0.0 0.00 ---- 15.1 3:34PM NW
25 30.6 43.0 4:56PM 19.7 7:20AM 34.4 0.0 0.00 ---- 18.9 5:20PM ENE
26 34.6 48.1 4:05PM 18.9 6:43AM 30.4 0.0 0.00 ---- 18.1 10:08AM ESE
27 36.7 39.3 11:40PM 34.4 11:28AM 28.3 0.0 0.41 ---- 15.9 9:44AM ESE
28 46.0 53.6 5:02PM 39.2 12:00AM 19.0 0.0 0.18 ---- 3.8 6:29PM NNE
29 54.3 61.9 5:09PM 47.2 5:18AM 10.7 0.0 0.90 ---- 12.1 1:58PM SSW
30 40.1 57.8 12:28AM 29.4 11:58PM 24.9 0.0 0.27 ---- 18.9 12:43AM WNW
31 40.4 54.6 4:25PM 22.0 6:07AM 24.6 0.0 0.01 ---- 23.4 3:31PM SSW
----------------------------------------------------------------------------------
32.2 61.9 29 9.4 17 1014.1 0.0 3.89 3.6 31.0 2 NW
Max >= 80.0 0
Max <= 32.0 4
Min <= 32.0 27
Min <= 0.0 0
Max Rain: 1.20 on day 1
Days of Rain: 15 (>= 0.01 in) 8 (>= 0.10 in) 1 (>= 1.00 in)
Heat Base: 65.0 Cool Base: 65.0 Method: Integration