Select a Year or Month report
Report for 2019 Mar
Monthly Climatological Summary for Mar 2019
Name: West End Weather City: Punxsutawney State: Pennsylvania
Elevation: 1279 ft Lat: N 40 56 38 Lon: W 078 59 26
Temperature (°F), Rain (in), Wind Speed (mph)
Heat Cool Avg
Mean Deg Deg Wind Dom
Day Temp High Time Low Time Days Days Rain Speed High Time Dir
----------------------------------------------------------------------------------
01 28.6 32.0 2:33PM 25.6 4:47AM 36.3 0.0 0.25 2.5 10.0 3:22PM E
02 31.4 36.4 1:44PM 28.2 11:59PM 33.6 0.0 0.00 2.2 13.0 7:50PM W
03 27.8 32.4 1:21PM 24.0 3:46AM 37.2 0.0 0.21 0.6 8.0 11:51PM NE
04 20.4 26.8 12:01AM 13.3 11:59PM 44.6 0.0 0.01 4.5 18.0 2:11PM W
05 13.4 19.2 2:12PM 7.6 7:09AM 51.6 0.0 0.00 4.2 20.0 1:59PM WSW
06 14.2 19.4 12:07PM 9.8 5:06AM 50.8 0.0 0.00 4.8 24.0 2:31PM WNW
07 20.4 29.2 1:46PM 11.1 4:25AM 44.6 0.0 0.00 2.9 17.0 12:23PM W
08 23.7 39.5 1:18PM 7.9 6:26AM 41.3 0.0 0.00 1.0 11.0 3:30PM SSE
09 31.6 45.1 2:30PM 15.6 6:11AM 33.4 0.0 0.44 3.2 18.0 6:45PM E
10 44.4 60.5 1:41PM 35.4 12:01AM 19.7 0.0 0.18 5.3 26.0 1:30PM WSW
11 38.9 48.9 3:26PM 32.2 11:59PM 26.1 0.0 0.00 6.1 25.0 5:51PM W
12 32.2 42.9 3:58PM 24.1 11:50PM 32.8 0.0 0.00 2.9 15.0 11:00AM WNW
13 38.7 60.1 2:48PM 19.7 5:48AM 26.3 0.0 0.00 1.1 13.0 1:59PM SSE
14 53.3 76.2 3:15PM 33.4 6:03AM 13.3 1.6 0.00 2.5 17.0 2:00PM SSE
15 54.0 66.3 1:03AM 36.4 11:54PM 11.1 0.1 0.06 6.5 27.0 1:01PM WSW
16 34.1 37.6 2:21PM 29.9 11:39PM 30.9 0.0 0.01 6.0 31.0 4:46AM W
17 31.6 41.8 4:18PM 22.7 7:33AM 33.4 0.0 0.00 2.5 14.0 1:48PM WNW
18 31.5 42.7 2:21PM 22.6 11:55PM 33.5 0.0 0.00 1.9 15.0 2:35PM W
19 30.1 45.6 3:14PM 15.9 7:30AM 34.9 0.0 0.00 1.3 16.0 3:26PM WSW
20 36.6 52.2 3:02PM 18.2 7:12AM 28.4 0.0 0.01 1.4 14.0 1:39PM SSW
21 42.8 47.2 3:05PM 38.4 12:00AM 22.1 0.0 0.02 1.7 11.0 11:46PM E
22 35.4 41.1 12:00AM 27.1 11:54PM 29.6 0.0 0.10 6.7 26.0 4:16PM WNW
23 33.5 45.2 4:13PM 25.0 11:56PM 31.5 0.0 0.00 5.9 22.0 2:10PM WNW
24 38.1 54.3 3:08PM 18.5 7:06AM 26.9 0.0 0.00 2.0 19.0 8:49PM WSW
25 42.3 47.9 4:52PM 31.6 11:58PM 22.7 0.0 0.02 1.3 11.0 9:23PM NNE
26 33.0 47.4 4:29PM 18.4 7:10AM 32.0 0.0 0.00 1.8 14.0 2:11PM N
27 36.7 54.8 4:00PM 18.3 6:33AM 28.2 0.0 0.00 1.5 15.0 4:06PM SSE
28 44.1 60.9 1:00PM 25.2 5:57AM 20.9 0.0 0.00 1.5 18.0 1:42PM SW
29 50.3 52.8 11:46AM 46.8 4:51AM 14.7 0.0 0.29 1.5 11.0 3:20PM SW
30 55.1 67.5 5:53PM 45.6 5:20AM 10.0 0.2 0.03 1.9 20.0 2:57PM SSW
31 34.5 54.3 2:00AM 25.5 9:11PM 30.5 0.0 0.09 5.5 23.0 5:07PM W
----------------------------------------------------------------------------------
34.9 76.2 14 7.6 5 932.9 1.9 1.72 3.1 31.0 16 W
Max >= 80.0 0
Max <= 32.0 5
Min <= 32.0 24
Min <= 0.0 0
Max Rain: 0.44 on day 9
Days of Rain: 14 (>= 0.01 in) 6 (>= 0.10 in) 0 (>= 1.00 in)
Heat Base: 65.0 Cool Base: 65.0 Method: Integration