Select a Year or Month report
V/Λ2023 > Jan Feb Mar Apr May Jun Jul Aug Sep Oct Nov Dec
V/Λ2022 > Jan Feb Mar Apr May Jun Jul Aug Sep Oct Nov Dec
V/Λ2021 > Jan Feb Mar Apr May Jun Jul Aug Sep Oct Nov Dec
V/Λ2020 > Jan Feb Mar Apr May Jun Jul Aug Sep Oct Nov Dec
V/Λ2019 > Jan Feb Mar Apr May Jun Jul Aug Sep Oct Nov Dec
V/Λ2018 > Jan Feb Mar Apr May Jun Jul Aug Sep Oct Nov Dec
V/Λ2017 > Jan Feb Mar Apr May Jun Jul Aug Sep Oct Nov Dec
V/Λ2016 > Jan Feb Mar Apr May Jun Jul Aug Sep Oct Nov Dec
V/Λ2015 > Jan Feb Mar Apr May Jun Jul Aug Sep Oct Nov Dec
V/Λ2014 > Jan Feb Mar Apr May Jun Jul Aug Sep Oct Nov Dec
V/Λ2013 > Jan Feb Mar Apr May Jun Jul Aug Sep Oct Nov Dec
V/Λ2012 > Jan Feb Mar Apr May Jun Jul Aug Sep Oct Nov Dec

Report for 2019 Jul
                   Monthly Climatological Summary for Jul 2019

Name: West End Weather   City: Punxsutawney   State: Pennsylvania
Elevation: 1279 ft  Lat: N 40 56 38   Lon: W 078 59 26

                  Temperature (°F), Rain (in), Wind Speed (mph)

                                      Heat  Cool        Avg
    Mean                              Deg   Deg         Wind                 Dom
Day Temp  High   Time   Low    Time   Days  Days  Rain  Speed High   Time    Dir
----------------------------------------------------------------------------------
01  66.6  80.8  5:48PM  51.2  5:59AM   3.9   5.5  0.00   0.8  10.0 12:54PM   WNW
02  71.0  86.5  1:04PM  59.7  1:51AM   1.5   7.6  0.08   1.0  19.0  2:32PM    SW
03  72.7  81.4  4:30PM  67.1  5:09AM   0.0   7.7  0.00   1.2  12.0 12:18AM    SW
04  74.5  84.7 12:41PM  64.0  6:11AM   0.0   9.5  0.00   0.8  12.0  2:20PM   SSW
05  73.1  86.7  2:26PM  66.7  5:25AM   0.0   8.1  0.28   0.5  19.0  3:05PM   WSW
06  72.2  86.6  2:36PM  66.3  6:06AM   0.0   7.2  0.40   0.9  17.0  2:57PM    SW
07  71.5  79.0 12:41PM  68.0 11:58PM   0.0   6.5  0.67   0.7  11.0  3:24PM   ENE
08  69.8  77.0  6:49PM  64.4 11:56PM   0.0   4.8  0.01   1.2   9.0  1:00PM   ENE
09  71.6  84.2  3:40PM  60.4  6:12AM   1.1   7.7  0.00   0.6   7.0 12:06PM   ENE
10  75.5  88.1  4:09PM  62.9  5:40AM   0.2  10.7  0.00   0.7  10.0  2:59PM    SW
11  70.1  76.7  5:33PM  66.3  5:05AM   0.0   5.1  1.03   0.8  10.0 10:43AM    SW
12  69.6  77.1  3:15PM  61.0 11:53PM   0.2   4.8  0.00   1.6  12.0  9:10AM   WNW
13  69.3  83.3  4:30PM  56.9  3:03AM   2.6   6.9  0.00   1.1  15.0  2:48PM    SW
14  71.0  81.8  3:44PM  59.0 11:55PM   0.7   6.7  0.00   1.3  14.0  4:09PM   WNW
15  67.7  82.8  5:15PM  51.6  6:15AM   3.8   6.4  0.00   0.7  10.0  2:49PM     W
16  73.8  84.8  2:54PM  60.9  4:45AM   1.0   9.8  0.00   1.4  14.0  1:50PM    SW
17  73.9  82.2  3:50PM  67.2  5:24AM   0.0   8.9  0.36   1.1  19.0  1:31AM   WSW
18  75.4  84.1  3:40PM  69.9 11:27PM   0.0  10.4  0.00   0.9  10.0 11:54AM     W
19  75.6  87.2  3:29PM  65.9  6:11AM   0.0  10.6  0.20   1.6  16.0  4:32PM    SW
20  77.3  88.8  4:27PM  68.6  6:17AM   0.0  12.3  0.31   0.9  13.0  3:15PM   WSW
21  77.7  90.5  3:40PM  70.1  5:30AM   0.0  12.7  1.04   1.3  13.0  4:47PM     W
22  68.2  72.4 11:27AM  63.4 10:53PM   0.2   3.3  2.62   1.0  16.0  1:00PM   WNW
23  68.0  77.1  5:16PM  59.6 11:59PM   0.9   3.9  0.02   1.2  14.0  3:12PM    NW
24  64.7  77.3  2:02PM  53.0  6:35AM   3.9   3.7  0.00   0.9  14.0  6:19PM    NW
25  66.4  80.0  3:39PM  53.0  6:17AM   3.8   5.2  0.00   0.8   9.0  1:19PM   WNW
26  69.3  83.0  3:13PM  54.4  6:11AM   2.8   7.1  0.00   0.6   8.0 12:59PM   SSW
27  70.8  84.1  2:52PM  57.1  6:08AM   1.9   7.8  0.00   1.0  14.0  2:41PM    SW
28  73.1  84.3  4:15PM  62.0  6:12AM   0.6   8.7  0.00   1.3  16.0  1:31PM   WSW
29  74.1  85.4  2:54PM  62.0  6:18AM   0.4   9.5  0.00   1.4  12.0 12:47PM    SW
30  71.7  81.4 11:48AM  63.2  6:07AM   0.2   6.9  0.26   1.1  15.0 11:14AM    SW
31  71.4  83.0  4:21PM  65.0  6:21AM   0.0   6.4  0.06   0.8  21.0  6:08PM    SW
----------------------------------------------------------------------------------
    71.5  90.5    21    51.2     1    29.7 232.4  7.34   1.0  21.0    31     WSW

Max >=  80.0 24
Max <=  32.0  0
Min <=  32.0  0
Min <=   0.0  0
Max Rain: 2.62 on day 22
Days of Rain: 14 (>= 0.01 in)  10 (>= 0.10 in)  3 (>= 1.00 in)
Heat Base: 65.0  Cool Base: 65.0  Method: Integration