Select a Year or Month report
Report for 2021 Mar
Monthly Climatological Summary for Mar 2021
Name: West End Weather City: Punxsutawney State: Pennsylvania
Elevation: 1279 ft Lat: N 40° 56' 39" Lon: W 078° 59' 25"
Temperature (°F), Rain (in), Wind Speed (mph)
Heat Cool Avg
Mean Deg Deg Wind Dom
Day Temp High Time Low Time Days Days Rain Speed High Time Dir
----------------------------------------------------------------------------------
01 36.3 43.9 4:47AM 23.5 11:59PM 28.8 0.0 0.48 6.4 23.0 3:35PM WNW
02 25.8 35.5 3:00PM 17.5 7:02AM 39.1 0.0 0.00 3.7 15.0 2:41AM W
03 37.0 53.5 2:50PM 20.0 5:57AM 28.0 0.0 0.00 3.2 19.0 4:33PM W
04 30.3 36.7 11:22AM 20.7 11:42PM 34.7 0.0 0.00 4.6 17.0 1:47PM WNW
05 24.7 33.5 1:46PM 14.7 6:32AM 40.3 0.0 0.00 5.3 19.0 2:48PM W
06 27.0 32.0 5:10PM 16.2 11:54PM 38.0 0.0 0.00 3.9 17.0 12:20PM WNW
07 24.3 38.7 2:48PM 9.6 6:48AM 40.7 0.0 0.00 2.1 15.0 12:33PM WNW
08 30.7 50.2 4:13PM 12.5 6:40AM 34.3 0.0 0.00 1.4 13.0 3:32PM SW
09 48.4 63.4 3:20PM 31.4 11:57PM 16.6 0.0 0.00 2.6 12.0 10:55AM W
10 47.6 69.3 1:50PM 25.4 6:27AM 18.1 0.7 0.00 1.9 18.0 12:40PM SSW
11 52.2 61.5 10:40AM 39.2 6:04AM 12.8 0.0 0.29 3.1 21.0 5:50PM SW
12 49.1 58.6 2:52PM 35.7 6:56AM 15.8 0.0 0.09 4.4 17.0 2:24PM W
13 36.1 48.5 3:01PM 24.9 6:48AM 28.9 0.0 0.00 3.3 15.0 2:51PM WNW
14 37.8 50.9 2:07PM 25.8 7:52AM 26.0 0.0 0.00 5.2 27.0 2:46PM WNW
15 31.0 42.0 3:37PM 15.9 7:15AM 34.0 0.0 0.00 3.3 16.0 8:48AM ENE
16 39.6 46.6 4:50PM 33.1 11:49PM 25.4 0.0 0.01 5.2 17.0 7:28AM E
17 45.6 64.9 3:45PM 28.1 4:05AM 19.3 0.0 0.00 1.7 14.0 7:15PM E
18 42.6 45.6 12:00AM 36.2 11:53PM 22.4 0.0 0.88 5.3 22.0 6:45PM ENE
19 35.0 46.2 4:43PM 24.9 11:51PM 30.0 0.0 0.00 4.1 18.0 2:39AM NE
20 36.5 57.2 3:53PM 18.5 7:23AM 28.5 0.0 0.00 1.1 11.0 4:02PM E
21 41.4 64.4 4:37PM 20.6 7:27AM 23.6 0.0 0.00 1.5 13.0 11:43AM ESE
22 44.6 67.5 3:37PM 23.6 7:17AM 20.5 0.2 0.00 1.4 15.0 1:55PM ESE
23 47.6 64.6 4:08PM 26.1 7:07AM 17.4 0.0 0.00 2.3 17.0 4:57PM ESE
24 57.2 67.4 3:58PM 50.1 7:13AM 8.0 0.2 0.12 3.2 15.0 6:42PM ESE
25 57.2 73.1 4:36PM 39.6 6:23AM 9.6 1.8 0.06 1.4 14.0 7:08PM S
26 55.7 63.8 2:08AM 41.3 11:50PM 9.3 0.0 0.10 6.2 35.0 9:51AM WSW
27 50.7 65.9 5:51PM 37.0 7:35AM 14.3 0.0 0.00 1.1 11.0 11:17AM SW
28 48.1 59.8 12:52PM 38.3 11:48PM 16.9 0.0 0.70 4.6 26.0 8:14PM W
29 39.0 49.6 4:50PM 29.9 11:55PM 26.0 0.0 0.05 5.2 18.0 3:55AM W
30 50.6 72.3 5:10PM 25.2 6:38AM 15.6 1.2 0.00 2.6 19.0 2:15PM S
31 49.7 59.6 12:00AM 37.2 11:58PM 15.3 0.0 0.44 1.9 14.0 2:35PM W
----------------------------------------------------------------------------------
41.3 73.1 25 9.6 7 738.2 4.1 3.22 3.3 35.0 26 W
Max >= 80.0 0
Max <= 32.0 1
Min <= 32.0 21
Min <= 0.0 0
Max Rain: 0.88 on day 18
Days of Rain: 11 (>= 0.01 in) 7 (>= 0.10 in) 0 (>= 1.00 in)
Heat Base: 65.0 Cool Base: 65.0 Method: Integration