Select a Year or Month report
V/Λ2023 > Jan Feb Mar Apr May Jun Jul Aug Sep Oct Nov Dec
V/Λ2022 > Jan Feb Mar Apr May Jun Jul Aug Sep Oct Nov Dec
V/Λ2021 > Jan Feb Mar Apr May Jun Jul Aug Sep Oct Nov Dec
V/Λ2020 > Jan Feb Mar Apr May Jun Jul Aug Sep Oct Nov Dec
V/Λ2019 > Jan Feb Mar Apr May Jun Jul Aug Sep Oct Nov Dec
V/Λ2018 > Jan Feb Mar Apr May Jun Jul Aug Sep Oct Nov Dec
V/Λ2017 > Jan Feb Mar Apr May Jun Jul Aug Sep Oct Nov Dec
V/Λ2016 > Jan Feb Mar Apr May Jun Jul Aug Sep Oct Nov Dec
V/Λ2015 > Jan Feb Mar Apr May Jun Jul Aug Sep Oct Nov Dec
V/Λ2014 > Jan Feb Mar Apr May Jun Jul Aug Sep Oct Nov Dec
V/Λ2013 > Jan Feb Mar Apr May Jun Jul Aug Sep Oct Nov Dec
V/Λ2012 > Jan Feb Mar Apr May Jun Jul Aug Sep Oct Nov Dec

Report for 2021 Jul
                   Monthly Climatological Summary for Jul 2021

Name: West End Weather   City: Punxsutawney   State: Pennsylvania
Elevation: 1279 ft  Lat: N 40° 56' 38"   Lon: W 078° 59' 25"

                  Temperature (°F), Rain (in), Wind Speed (mph)

                                      Heat  Cool        Avg
    Mean                              Deg   Deg         Wind                 Dom
Day Temp  High   Time   Low    Time   Days  Days  Rain  Speed High   Time    Dir
----------------------------------------------------------------------------------
01  67.2  71.5  3:33PM  63.8  8:55PM   0.2   2.4  2.02   0.9  15.0 11:16AM    SW
02  63.3  70.9  2:42PM  55.1 11:51PM   2.2   0.5  0.26   1.9  17.0 11:13AM     W
03  64.3  76.2  3:44PM  55.0 12:01AM   3.8   3.1  0.00   2.6  18.0  4:44PM     W
04  67.3  81.7  3:58PM  53.0  1:46AM   3.5   5.8  0.00   0.7   8.0  3:10PM   WSW
05  71.6  84.8  3:35PM  55.1  6:05AM   2.4   9.1  0.00   1.6  14.0  1:54PM    SW
06  77.2  86.7  1:24PM  67.7  6:17AM   0.0  12.2  0.00   1.9  13.0 10:24AM     W
07  73.9  88.3  2:57PM  64.3  6:12AM   0.0   8.9  0.09   1.5  14.0  5:13PM   WSW
08  69.5  77.0  4:42PM  64.6  4:05AM   0.0   4.5  0.66   1.4  15.0  3:10PM    SW
09  69.4  78.9  1:39PM  62.0 11:57PM   0.1   4.5  0.24   2.4  17.0 12:41PM   WNW
10  64.0  74.3  4:22PM  54.4  4:21AM   3.1   2.1  0.00   1.2  10.0  2:25PM    SW
11  71.2  84.4  3:05PM  60.8  2:36AM   1.0   7.1  0.18   1.8  14.0  4:52PM    SE
12  75.2  84.1  2:23PM  70.1  6:13AM   0.0  10.2  0.16   1.5  12.0  3:42PM    SW
13  74.0  86.4  4:44PM  66.9  5:47AM   0.0   9.0  0.46   1.9  25.0  5:36AM    SW
14  73.2  83.1  4:32PM  65.8  4:06AM   0.0   8.2  0.00   1.4  12.0  3:05PM   WSW
15  73.1  84.4  3:30PM  62.9  4:35AM   0.3   8.4  0.03   1.4  12.0  1:31PM    SW
16  71.9  85.8  3:23PM  64.5  6:03AM   0.0   6.9  0.67   1.3  14.0  3:28PM    NW
17  71.0  83.8  2:15PM  64.3 11:56PM   0.0   6.0  0.64   1.9  16.0 11:33AM    SW
18  68.6  80.5  3:57PM  61.3  6:18AM   1.2   4.8  0.00   2.3  15.0 10:23AM    NW
19  69.2  82.0  4:05PM  58.5  5:24AM   1.9   6.1  0.00   1.1  10.0  3:40PM   WSW
20  69.9  82.4  3:30PM  58.4  5:16AM   1.7   6.6  0.02   1.2  13.0  9:33PM   WSW
21  68.0  78.4  2:40PM  56.3 11:58PM   1.4   4.4  0.01   2.0  17.0  7:03PM    NW
22  62.9  76.5  4:47PM  49.2  6:06AM   5.5   3.4  0.00   1.4  11.0  3:47PM   WNW
23  67.2  79.7  3:54PM  57.3  4:43AM   2.7   4.9  0.00   1.1   9.0 12:13PM   NNE
24  66.7  76.7 10:50AM  54.9  6:02AM   2.7   4.4  0.00   1.1   9.0 12:38PM   SSW
25  74.8  86.1  3:48PM  65.7  4:16AM   0.0   9.8  0.00   1.3  10.0  2:25PM   WSW
26  72.9  86.5  3:05PM  61.2  5:56AM   0.6   8.5  0.00   1.2  11.0  4:22PM   WNW
27  70.5  86.3  3:30PM  54.4  6:19AM   2.7   8.2  0.00   1.3  13.0  1:04PM   WSW
28  70.3  83.4  4:14PM  59.5  5:45AM   1.3   6.5  0.00   0.9   8.0  1:52PM    NW
29  69.1  78.0  7:18PM  60.9  3:17AM   1.0   5.1  0.27   1.1  15.0  2:41PM   WSW
30  68.9  77.5  1:04PM  55.5 11:59PM   0.8   4.7  0.01   2.7  16.0  1:57PM   WNW
31  61.9  75.2  3:15PM  49.1  6:16AM   5.9   2.8  0.00   1.1  13.0  1:55PM   WSW
----------------------------------------------------------------------------------
    69.6  88.3     7    49.1    31    46.0 189.1  5.72   1.5  25.0    13     WSW

Max >=  80.0 18
Max <=  32.0  0
Min <=  32.0  0
Min <=   0.0  0
Max Rain: 2.02 on day 1
Days of Rain: 15 (>= 0.01 in)  10 (>= 0.10 in)  1 (>= 1.00 in)
Heat Base: 65.0  Cool Base: 65.0  Method: Integration