Select a Year or Month report
V/Λ2023 > Jan Feb Mar Apr May Jun Jul Aug Sep Oct Nov Dec
V/Λ2022 > Jan Feb Mar Apr May Jun Jul Aug Sep Oct Nov Dec
V/Λ2021 > Jan Feb Mar Apr May Jun Jul Aug Sep Oct Nov Dec
V/Λ2020 > Jan Feb Mar Apr May Jun Jul Aug Sep Oct Nov Dec
V/Λ2019 > Jan Feb Mar Apr May Jun Jul Aug Sep Oct Nov Dec
V/Λ2018 > Jan Feb Mar Apr May Jun Jul Aug Sep Oct Nov Dec
V/Λ2017 > Jan Feb Mar Apr May Jun Jul Aug Sep Oct Nov Dec
V/Λ2016 > Jan Feb Mar Apr May Jun Jul Aug Sep Oct Nov Dec
V/Λ2015 > Jan Feb Mar Apr May Jun Jul Aug Sep Oct Nov Dec
V/Λ2014 > Jan Feb Mar Apr May Jun Jul Aug Sep Oct Nov Dec
V/Λ2013 > Jan Feb Mar Apr May Jun Jul Aug Sep Oct Nov Dec
V/Λ2012 > Jan Feb Mar Apr May Jun Jul Aug Sep Oct Nov Dec

Report for 2021 Aug
                   Monthly Climatological Summary for Aug 2021

Name: West End Weather   City: Punxsutawney   State: Pennsylvania
Elevation: 1279 ft  Lat: N 40° 56' 38"   Lon: W 078° 59' 25"

                  Temperature (°F), Rain (in), Wind Speed (mph)

                                      Heat  Cool        Avg
    Mean                              Deg   Deg         Wind                 Dom
Day Temp  High   Time   Low    Time   Days  Days  Rain  Speed High   Time    Dir
----------------------------------------------------------------------------------
01  62.8  77.9  2:23PM  52.7  2:55AM   4.5   2.2  0.19   1.2  20.0  3:02PM   WSW
02  63.9  75.7  5:03PM  53.3  5:20AM   4.3   3.2  0.00   1.6  11.0 11:37AM    NW
03  64.3  79.5  4:53PM  46.5  6:28AM   5.5   4.8  0.00   1.2   9.0 12:48PM    NE
04  69.0  81.2  2:22PM  56.7  6:31AM   2.0   6.0  0.00   1.8  12.0  1:55PM    SE
05  69.5  83.3  3:24PM  55.8  6:48AM   1.9   6.4  0.01   1.0   9.0  2:52PM     W
06  70.3  86.0  3:25PM  54.4  6:35AM   2.9   8.3  0.00   1.1  12.0  1:51PM    SW
07  72.1  83.6 12:39PM  60.9  6:34AM   0.8   7.9  0.00   0.9  11.0 12:49PM    SW
08  73.9  85.9  4:18PM  63.9  7:01AM   0.0   9.0  0.05   1.1  12.0  1:18PM   WSW
09  75.8  90.3  3:48PM  62.7  6:26AM   0.2  11.0  0.00   1.4  11.0  4:08PM   SSE
10  72.3  82.6  2:38PM  68.1  4:28AM   0.0   7.3  0.72   1.8  16.0  3:47PM    SW
11  71.9  84.9  1:12PM  65.9  4:33AM   0.0   6.9  0.10   1.4  18.0  1:37PM    SW
12  72.0  87.5  5:01PM  64.5  5:15AM   0.0   7.0  1.31   1.6  27.0  1:40PM   WSW
13  74.6  87.6  2:50PM  64.6  6:29AM   0.0   9.6  0.28   0.6  26.0  8:59PM   WSW
14  71.6  81.2  3:11PM  59.4 11:57PM   0.3   6.9  0.01   1.0  10.0  4:28PM   NNW
15  66.2  77.3  2:59PM  54.8  4:41AM   3.1   4.3  0.00   1.8  11.0 11:11AM     E
16  69.3  75.3 11:06AM  63.9  3:25AM   0.1   4.4  0.01   2.0  11.0 10:04AM     E
17  74.0  82.8  4:14PM  67.1  5:41AM   0.0   9.0  0.03   1.1  14.0  3:07PM   SSW
18  71.2  76.0  2:18PM  68.8  6:48AM   0.0   6.2  1.31   1.9  11.0 11:34AM   ENE
19  72.0  80.3  2:49PM  68.5 11:14PM   0.0   7.0  0.02   1.0  10.0  3:36PM     W
20  73.0  83.9  3:58PM  65.8  6:51AM   0.0   8.0  0.01   0.7   7.0  2:04PM    NW
21  73.1  84.8  4:19PM  65.2  4:18AM   0.0   8.1  0.00   1.0  12.0  3:06PM    SW
22  71.4  84.6  3:37PM  62.1  6:57AM   0.5   7.0  0.01   0.9   8.0  1:52PM    NW
23  75.6  88.0  2:58PM  67.2  2:56AM   0.0  10.6  0.00   1.1   8.0  1:22PM   WNW
24  72.7  85.5  3:57PM  60.9  6:48AM   0.5   8.2  0.00   1.0  11.0 12:32PM    SW
25  74.0  88.9  3:53PM  61.4  6:40AM   0.6   9.7  0.00   0.9   8.0  7:01PM    SW
26  76.4  87.6  4:06PM  66.8  6:25AM   0.0  11.4  0.00   1.0   7.0  8:33PM    SW
27  74.2  85.2  3:35PM  65.8  5:10AM   0.0   9.2  0.00   0.9   8.0  3:26PM   SSW
28  72.2  85.6 12:03PM  65.5  6:08AM   0.0   7.2  0.11   0.9  10.0  1:18PM   ESE
29  72.3  86.4  4:23PM  66.1  6:04AM   0.0   7.3  1.45   1.1  15.0  5:09PM     E
30  72.1  82.1  3:25PM  66.2  1:45AM   0.0   7.1  0.02   1.1  10.0 12:54PM   WSW
31  69.1  78.4  1:27PM  63.7  7:42AM   0.1   4.2  0.00   0.6   7.0  4:06PM   SSE
----------------------------------------------------------------------------------
    71.4  90.3     9    46.5     3    27.3 225.4  5.64   1.2  27.0    12      SW

Max >=  80.0 24
Max <=  32.0  0
Min <=  32.0  0
Min <=   0.0  0
Max Rain: 1.45 on day 29
Days of Rain: 17 (>= 0.01 in)  8 (>= 0.10 in)  3 (>= 1.00 in)
Heat Base: 65.0  Cool Base: 65.0  Method: Integration