Select a Year or Month report
V/Λ2023 > Jan Feb Mar Apr May Jun Jul Aug Sep Oct Nov Dec
V/Λ2022 > Jan Feb Mar Apr May Jun Jul Aug Sep Oct Nov Dec
V/Λ2021 > Jan Feb Mar Apr May Jun Jul Aug Sep Oct Nov Dec
V/Λ2020 > Jan Feb Mar Apr May Jun Jul Aug Sep Oct Nov Dec
V/Λ2019 > Jan Feb Mar Apr May Jun Jul Aug Sep Oct Nov Dec
V/Λ2018 > Jan Feb Mar Apr May Jun Jul Aug Sep Oct Nov Dec
V/Λ2017 > Jan Feb Mar Apr May Jun Jul Aug Sep Oct Nov Dec
V/Λ2016 > Jan Feb Mar Apr May Jun Jul Aug Sep Oct Nov Dec
V/Λ2015 > Jan Feb Mar Apr May Jun Jul Aug Sep Oct Nov Dec
V/Λ2014 > Jan Feb Mar Apr May Jun Jul Aug Sep Oct Nov Dec
V/Λ2013 > Jan Feb Mar Apr May Jun Jul Aug Sep Oct Nov Dec
V/Λ2012 > Jan Feb Mar Apr May Jun Jul Aug Sep Oct Nov Dec

Report for 2021 Sep
                   Monthly Climatological Summary for Sep 2021

Name: West End Weather   City: Punxsutawney   State: Pennsylvania
Elevation: 1279 ft  Lat: N 40° 56' 38"   Lon: W 078° 59' 25"

                  Temperature (°F), Rain (in), Wind Speed (mph)

                                      Heat  Cool        Avg
    Mean                              Deg   Deg         Wind                 Dom
Day Temp  High   Time   Low    Time   Days  Days  Rain  Speed High   Time    Dir
----------------------------------------------------------------------------------
01  64.8  67.3  4:51PM  57.3 11:58PM   0.8   0.6  1.07   3.0  15.0  3:35PM    NE
02  59.6  74.5  3:28PM  47.5  6:38AM   7.6   2.1  0.01   1.4  13.0 10:36AM    NW
03  57.4  72.0  2:39PM  43.3  6:48AM   8.8   1.2  0.00   0.9   9.0 11:16AM     N
04  63.8  77.4  3:26PM  50.8  6:19AM   4.6   3.4  0.00   0.9   9.0  1:26PM     S
05  65.1  73.8  3:35PM  56.9 11:51PM   1.8   1.8  0.47   0.9  13.0  3:42PM    SW
06  62.1  75.6  2:34PM  51.4  6:48AM   5.6   2.7  0.00   1.4  14.0 12:56PM     W
07  63.7  79.3  2:56PM  46.8  6:59AM   6.0   4.7  0.00   1.3  11.0  3:53PM    SW
08  64.0  73.4 11:23AM  56.8  5:26AM   2.3   1.3  0.31   1.1  13.0 11:31AM    SW
09  64.3  73.3  3:10PM  53.8 11:39PM   2.4   1.7  0.00   1.4  10.0  3:29PM   WNW
10  59.3  70.2  2:10PM  49.9 11:41PM   6.5   0.8  0.00   1.3   9.0  3:30PM   WNW
11  59.1  74.5  3:00PM  44.3  6:51AM   8.3   2.4  0.00   1.4  13.0  4:29PM    SW
12  69.4  80.7  3:20PM  55.8  1:18AM   1.4   5.8  0.00   2.7  17.0 12:34PM    SW
13  71.5  78.5  2:06PM  64.8 11:59PM   0.0   6.5  0.00   1.7  11.0 10:05AM    SW
14  70.2  81.6  2:42PM  59.4  7:12AM   1.1   6.3  0.00   1.3  15.0  3:33PM    SW
15  66.4  73.9  9:37AM  60.7 11:59PM   1.1   2.4  1.38   0.8  13.0 11:49AM   WSW
16  64.8  73.1  3:42PM  57.3  6:06AM   2.4   2.2  0.00   2.2  10.0 11:09AM     E
17  69.0  80.3  3:45PM  59.2  5:24AM   1.5   5.5  0.00   1.1  11.0  1:44PM   ESE
18  69.8  83.4  2:58PM  60.5  4:37AM   1.3   6.1  0.05   0.8  10.0  3:35PM   NNW
19  64.0  79.0  4:08PM  52.8 11:59PM   4.5   3.4  0.00   1.5   9.0 11:35AM   ENE
20  64.4  80.1  2:07PM  49.8  6:00AM   5.1   4.5  0.00   2.1  14.0  6:46PM     E
21  67.2  75.8  2:29PM  61.9  7:22AM   0.5   2.8  0.29   2.1  12.0 11:35AM   ESE
22  67.6  74.6  2:29PM  59.9 11:43PM   0.4   3.0  0.87   2.8  17.0  5:13PM    SE
23  56.8  60.0 12:00AM  52.0 11:59PM   8.2   0.0  0.07   2.3  15.0  2:17PM    SW
24  56.0  69.5  3:57PM  45.2  6:59AM   9.6   0.6  0.00   1.9  17.0 12:59PM    SW
25  55.3  69.5  3:51PM  41.5  7:09AM  10.4   0.6  0.04   1.2  13.0  6:11PM    SW
26  55.3  69.6  3:59PM  42.4  7:34AM  10.5   0.7  0.00   1.5  16.0  1:20PM   WSW
27  60.8  76.1  3:39PM  45.9  5:07AM   7.1   2.9  0.00   2.2  20.0  1:29PM    SW
28  63.4  74.3  2:54PM  52.7 11:56PM   3.2   1.6  0.02   1.7  11.0  7:08AM     W
29  55.2  68.9  3:26PM  45.1 11:55PM  10.2   0.4  0.00   0.8   9.0  2:10PM    NW
30  51.3  66.1  2:38PM  39.1  7:13AM  13.7   0.0  0.00   1.1  12.0 11:02AM   NNW
----------------------------------------------------------------------------------
    62.7  83.4    18    39.1    30   146.9  78.0  4.58   1.5  20.0    27      SW

Max >=  80.0  5
Max <=  32.0  0
Min <=  32.0  0
Min <=   0.0  0
Max Rain: 1.38 on day 15
Days of Rain: 11 (>= 0.01 in)  6 (>= 0.10 in)  2 (>= 1.00 in)
Heat Base: 65.0  Cool Base: 65.0  Method: Integration