Select a Year or Month report
V/Λ2023 > Jan Feb Mar Apr May Jun Jul Aug Sep Oct Nov Dec
V/Λ2022 > Jan Feb Mar Apr May Jun Jul Aug Sep Oct Nov Dec
V/Λ2021 > Jan Feb Mar Apr May Jun Jul Aug Sep Oct Nov Dec
V/Λ2020 > Jan Feb Mar Apr May Jun Jul Aug Sep Oct Nov Dec
V/Λ2019 > Jan Feb Mar Apr May Jun Jul Aug Sep Oct Nov Dec
V/Λ2018 > Jan Feb Mar Apr May Jun Jul Aug Sep Oct Nov Dec
V/Λ2017 > Jan Feb Mar Apr May Jun Jul Aug Sep Oct Nov Dec
V/Λ2016 > Jan Feb Mar Apr May Jun Jul Aug Sep Oct Nov Dec
V/Λ2015 > Jan Feb Mar Apr May Jun Jul Aug Sep Oct Nov Dec
V/Λ2014 > Jan Feb Mar Apr May Jun Jul Aug Sep Oct Nov Dec
V/Λ2013 > Jan Feb Mar Apr May Jun Jul Aug Sep Oct Nov Dec
V/Λ2012 > Jan Feb Mar Apr May Jun Jul Aug Sep Oct Nov Dec

Report for 2022 Mar
                   Monthly Climatological Summary for Mar 2022

Name: West End Weather   City: Punxsutawney   State: Pennsylvania
Elevation: 1279 ft  Lat: N 40° 56' 38"   Lon: W 078° 59' 25"

                  Temperature (°F), Rain (in), Wind Speed (mph)

                                      Heat  Cool        Avg
    Mean                              Deg   Deg         Wind                 Dom
Day Temp  High   Time   Low    Time   Days  Days  Rain  Speed High   Time    Dir
----------------------------------------------------------------------------------
01  38.9  53.1  1:13PM  28.6  5:27AM  26.1   0.0  0.39   3.0  21.0  1:53PM     W
02  38.7  48.6  3:47PM  25.9  7:12AM  26.3   0.0  0.08   2.1  16.0  3:15PM     W
03  28.9  42.1 12:00AM  16.5 11:43PM  36.2   0.0  0.17   4.4  15.0  1:32AM    NW
04  25.3  39.6  3:04PM  11.4  6:42AM  39.7   0.0  0.00   1.1   9.0  1:11PM     W
05  41.9  61.9  3:04PM  25.5  1:12AM  23.1   0.0  0.00   2.5  15.0  3:42PM     E
06  58.5  69.2  2:17PM  37.3 12:58AM   7.0   0.6  0.04   5.7  24.0  1:44PM   WSW
07  49.8  61.6 10:47AM  34.3 11:50PM  15.2   0.0  0.73   5.0  32.0  4:48PM     W
08  33.9  41.1  3:55PM  28.0 11:12PM  31.1   0.0  0.00   3.6  15.0 12:23AM   WNW
09  33.6  37.6  2:28PM  28.8 11:59PM  31.4   0.0  0.44   0.8   8.0  4:27PM    NW
10  35.5  47.9  3:07PM  26.7  1:44AM  29.5   0.0  0.00   1.1   9.0  3:33PM    NW
11  39.7  55.7  3:19PM  24.5  5:48AM  25.3   0.0  0.02   2.1  15.0  3:03PM   WSW
12  22.1  32.3 12:00AM  15.2 11:30PM  42.9   0.0  0.42   6.0  24.0  2:35PM   WNW
13  22.0  33.3 11:55PM  11.8  7:47AM  41.2   0.0  0.02   4.1  17.0 10:37AM   WSW
14  38.2  55.4  4:52PM  18.3  7:12AM  26.8   0.0  0.00   2.2  16.0  3:38PM    SW
15  40.8  60.2  1:58PM  26.5  6:44AM  24.2   0.0  0.02   1.2  15.0  2:11PM     W
16  47.5  68.0  4:11PM  29.9  7:14AM  17.8   0.3  0.01   1.2  14.0  4:18PM   WSW
17  51.2  68.6  4:31PM  35.7  3:45AM  14.1   0.3  0.00   0.8   8.0  2:22PM   SSW
18  54.3  71.3  2:08PM  33.5  7:33AM  12.1   1.3  0.01   1.9  13.0  7:38PM    SE
19  52.6  64.1  1:52PM  41.7  6:39AM  12.5   0.0  0.20   3.9  23.0  4:43PM   WSW
20  42.6  49.4  4:21PM  32.3 11:59PM  22.4   0.0  0.08   5.5  17.0  4:41PM     W
21  43.1  62.3  3:22PM  25.3  7:07AM  21.9   0.0  0.00   2.3  13.0  1:07PM   WNW
22  42.5  52.0  3:47PM  30.9  7:22AM  22.5   0.0  0.00   2.7  12.0  4:55PM   ENE
23  44.6  49.0 12:00AM  39.3 12:52PM  20.3   0.0  0.30   6.9  23.0  9:29AM     E
24  53.2  62.7  4:59PM  43.7 11:55PM  11.8   0.0  0.14   3.1  16.0 11:24AM   WSW
25  41.8  45.7  2:25AM  37.8  7:19AM  23.2   0.0  0.06   4.2  17.0  2:55PM   WSW
26  36.4  42.5  1:32PM  32.4 11:48PM  28.6   0.0  0.24   5.0  16.0 12:38PM     W
27  27.6  32.4 12:00AM  21.5 10:33PM  37.4   0.0  0.06   7.0  22.0  3:32PM   WNW
28  21.4  26.4  3:41PM  18.9  7:44AM  43.6   0.0  0.02   7.0  24.0  2:05PM   WNW
29  26.7  40.1  4:43PM  13.1  7:01AM  38.3   0.0  0.00   2.8  15.0  2:59PM   WNW
30  40.8  57.3  4:41PM  24.8  2:16AM  24.2   0.0  0.02   4.2  18.0  5:47PM     E
31  59.6  70.7  3:47PM  46.5 11:54PM   6.2   0.7  0.23   5.6  28.0 12:13PM   WSW
----------------------------------------------------------------------------------
    39.8  71.3    18    11.4     4   782.9   3.2  3.70   3.5  32.0     7       W

Max >=  80.0  0
Max <=  32.0  1
Min <=  32.0 20
Min <=   0.0  0
Max Rain: 0.73 on day 7
Days of Rain: 22 (>= 0.01 in)  10 (>= 0.10 in)  0 (>= 1.00 in)
Heat Base: 65.0  Cool Base: 65.0  Method: Integration