Select a Year or Month report
V/Λ2023 > Jan Feb Mar Apr May Jun Jul Aug Sep Oct Nov Dec
V/Λ2022 > Jan Feb Mar Apr May Jun Jul Aug Sep Oct Nov Dec
V/Λ2021 > Jan Feb Mar Apr May Jun Jul Aug Sep Oct Nov Dec
V/Λ2020 > Jan Feb Mar Apr May Jun Jul Aug Sep Oct Nov Dec
V/Λ2019 > Jan Feb Mar Apr May Jun Jul Aug Sep Oct Nov Dec
V/Λ2018 > Jan Feb Mar Apr May Jun Jul Aug Sep Oct Nov Dec
V/Λ2017 > Jan Feb Mar Apr May Jun Jul Aug Sep Oct Nov Dec
V/Λ2016 > Jan Feb Mar Apr May Jun Jul Aug Sep Oct Nov Dec
V/Λ2015 > Jan Feb Mar Apr May Jun Jul Aug Sep Oct Nov Dec
V/Λ2014 > Jan Feb Mar Apr May Jun Jul Aug Sep Oct Nov Dec
V/Λ2013 > Jan Feb Mar Apr May Jun Jul Aug Sep Oct Nov Dec
V/Λ2012 > Jan Feb Mar Apr May Jun Jul Aug Sep Oct Nov Dec

Report for 2022 Jul
                   Monthly Climatological Summary for Jul 2022

Name: West End Weather   City: Punxsutawney   State: Pennsylvania
Elevation: 1279 ft  Lat: N 40° 56' 38"   Lon: W 078° 59' 25"

                  Temperature (°F), Rain (in), Wind Speed (mph)

                                      Heat  Cool        Avg
    Mean                              Deg   Deg         Wind                 Dom
Day Temp  High   Time   Low    Time   Days  Days  Rain  Speed High   Time    Dir
----------------------------------------------------------------------------------
01  71.7  88.8  4:16PM  54.2  4:55AM   2.8   9.5  0.30   1.8  21.0 10:46PM    SW
02  72.5  83.8  3:31PM  61.8 11:58PM   0.1   7.6  0.14   1.9  13.0  1:29PM     W
03  69.7  82.3  2:37PM  57.2 11:57PM   2.0   6.8  0.00   1.9  14.0  2:54PM    NW
04  68.0  84.2  3:58PM  49.2  5:38AM   4.4   7.4  0.00   1.1   9.0 12:51PM   WSW
05  69.7  78.0  4:52PM  61.7  5:29AM   0.6   5.2  0.34   0.9  13.0  1:17PM   WSW
06  73.4  81.0  1:34PM  68.9  4:49AM   0.0   8.4  0.06   1.4   9.0  1:36PM    NW
07  73.5  84.6  4:32PM  63.8 11:54PM   0.0   8.6  0.00   1.5   9.0  9:17AM   WNW
08  69.7  82.5  2:32PM  57.2  4:22AM   1.8   6.5  0.00   0.9   9.0  4:37PM   SSW
09  72.8  83.9  3:44PM  62.0  5:18AM   0.3   8.1  0.00   1.9  11.0 11:35AM    NE
10  68.8  83.8  3:49PM  53.7  5:49AM   2.8   6.6  0.00   1.7  14.0  9:19AM     E
11  71.5  86.1  3:08PM  55.4  4:01AM   2.6   9.0  0.00   2.2  16.0 12:50PM    SW
12  75.9  89.5  3:29PM  65.0  2:15AM   0.0  10.9  0.00   2.9  17.0  1:01PM   WSW
13  70.6  84.7  2:41PM  56.2  6:22AM   1.8   7.4  0.00   1.6  13.0  1:26PM     W
14  69.0  82.7  3:31PM  58.5 11:59PM   1.8   5.8  0.01   1.6  14.0  6:17PM   WNW
15  67.6  84.3  3:38PM  50.0  6:05AM   4.2   6.9  0.00   1.4  11.0  2:05PM   SSE
16  69.1  82.0 11:26AM  58.4  6:19AM   1.9   6.0  0.00   1.2  11.0  5:03PM   WSW
17  69.4  80.0  3:28PM  60.2  4:02AM   1.0   5.4  0.95   1.5  16.0  4:37PM   SSE
18  70.3  76.9  5:00PM  66.1 11:30PM   0.0   5.3  0.48   2.0  16.0 10:52AM    SW
19  75.6  86.3  3:53PM  64.2 12:43AM   0.0  10.6  0.00   1.7  13.0 11:14AM   WSW
20  76.5  86.9  4:54PM  63.6  6:21AM   0.1  11.6  0.00   3.0  15.0  2:42PM   SSW
21  76.4  86.7  3:43PM  67.2  5:38AM   0.0  11.3  0.02   2.6  16.0  1:31AM   WSW
22  74.5  89.0  3:51PM  60.1  6:10AM   0.8  10.3  0.00   1.7  14.0 11:45AM   WSW
23  72.5  89.5  2:36PM  61.4  5:42AM   0.5   8.0  0.05   1.7  18.0  4:43PM    SW
24  75.7  89.2  2:03PM  60.8  5:15AM   0.8  11.6  0.00   2.9  18.0  4:42PM    SW
25  75.5  83.0  3:30PM  61.9 11:59PM   0.1  10.6  2.32   2.8  17.0  1:52PM     W
26  66.9  78.5  5:19PM  53.2  6:30AM   3.2   5.0  0.00   1.0   9.0  1:31PM   WSW
27  70.0  77.4  6:42PM  61.5 12:58AM   0.6   5.6  0.01   0.8   8.0 12:19PM    SW
28  73.6  80.1  1:26PM  67.9 11:57PM   0.0   8.6  0.71   1.6  16.0  2:00PM    SW
29  70.2  78.8  5:00PM  60.4 11:57PM   0.3   5.4  0.00   0.9  10.0  3:44PM   WSW
30  67.4  81.2  5:07PM  52.9  6:08AM   3.5   5.9  0.00   1.5  12.0 11:46AM   WNW
31  66.3  75.2 12:45PM  54.8  5:54AM   2.9   4.3  0.00   1.4  10.0  4:22PM    SE
----------------------------------------------------------------------------------
    71.4  89.5    12    49.2     4    40.9 240.2  5.39   1.7  21.0     1     WSW

Max >=  80.0 25
Max <=  32.0  0
Min <=  32.0  0
Min <=   0.0  0
Max Rain: 2.32 on day 25
Days of Rain: 12 (>= 0.01 in)  7 (>= 0.10 in)  1 (>= 1.00 in)
Heat Base: 65.0  Cool Base: 65.0  Method: Integration