Select a Year or Month report
V/Λ2023 > Jan Feb Mar Apr May Jun Jul Aug Sep Oct Nov Dec
V/Λ2022 > Jan Feb Mar Apr May Jun Jul Aug Sep Oct Nov Dec
V/Λ2021 > Jan Feb Mar Apr May Jun Jul Aug Sep Oct Nov Dec
V/Λ2020 > Jan Feb Mar Apr May Jun Jul Aug Sep Oct Nov Dec
V/Λ2019 > Jan Feb Mar Apr May Jun Jul Aug Sep Oct Nov Dec
V/Λ2018 > Jan Feb Mar Apr May Jun Jul Aug Sep Oct Nov Dec
V/Λ2017 > Jan Feb Mar Apr May Jun Jul Aug Sep Oct Nov Dec
V/Λ2016 > Jan Feb Mar Apr May Jun Jul Aug Sep Oct Nov Dec
V/Λ2015 > Jan Feb Mar Apr May Jun Jul Aug Sep Oct Nov Dec
V/Λ2014 > Jan Feb Mar Apr May Jun Jul Aug Sep Oct Nov Dec
V/Λ2013 > Jan Feb Mar Apr May Jun Jul Aug Sep Oct Nov Dec
V/Λ2012 > Jan Feb Mar Apr May Jun Jul Aug Sep Oct Nov Dec

Report for 2022 Dec
                   Monthly Climatological Summary for Dec 2022

Name: West End Weather   City: Punxsutawney   State: Pennsylvania
Elevation: 1279 ft  Lat: N 40° 56' 38"   Lon: W 078° 59' 25"

                  Temperature (°F), Rain (in), Wind Speed (mph)

                                      Heat  Cool        Avg
    Mean                              Deg   Deg         Wind                 Dom
Day Temp  High   Time   Low    Time   Days  Days  Rain  Speed High   Time    Dir
----------------------------------------------------------------------------------
01  27.3  31.3 12:35PM  18.2 11:53PM  37.7   0.0  0.00   5.1  21.0 12:44AM     W
02  33.9  48.2  3:43PM  16.9  2:06AM  31.0   0.0  0.02   2.2  15.0  2:16PM    SE
03  44.3  53.7 11:28AM  34.1 11:49PM  20.7   0.0  0.44   6.2  25.0  1:16PM     W
04  29.5  37.0  2:49PM  19.7 11:59PM  35.5   0.0  0.00   3.0  16.0  1:19AM   WSW
05  32.2  51.3  2:40PM  15.6  6:59AM  32.8   0.0  0.00   1.7  11.0  3:10PM    SE
06  42.1  45.8  2:25PM  37.9  7:21AM  22.9   0.0  0.27   2.3  11.0  1:49AM     E
07  49.4  57.5 11:54AM  44.1 12:00AM  15.6   0.0  0.07   1.9  11.0  3:27PM     W
08  42.2  47.2 12:00AM  29.2 11:55PM  22.8   0.0  0.00   1.6   9.0  1:31AM    NW
09  31.7  41.4  2:57PM  22.2  7:41AM  33.3   0.0  0.00   2.1  14.0 10:49AM   ENE
10  33.7  37.8  3:27PM  27.9  2:11AM  31.3   0.0  0.00   3.3  15.0  8:45AM     E
11  37.1  41.1  1:46PM  34.5 11:54PM  27.9   0.0  0.09   2.8  12.0  3:08PM     W
12  33.6  35.0  1:36PM  31.6 11:53PM  31.4   0.0  0.01   2.5  14.0  5:40AM    NW
13  28.5  38.7  3:25PM  18.0 11:57PM  36.5   0.0  0.00   1.4  10.0 12:57AM    NE
14  26.7  37.3  2:12PM  15.8  2:58AM  38.3   0.0  0.00   2.0  19.0 11:37PM   ENE
15  34.3  35.9  5:36PM  32.0  5:29AM  30.7   0.0  0.80   5.0  24.0  5:24AM   ESE
16  35.8  40.4  1:03PM  32.5 11:57PM  29.1   0.0  0.05   1.1  10.0 11:03AM     W
17  30.8  33.7 10:19AM  28.2 11:33PM  34.2   0.0  0.01   3.2  15.0 12:15PM   WSW
18  26.7  28.3 12:02AM  25.0  8:17AM  38.3   0.0  0.00   4.5  15.0 11:43AM   WSW
19  25.7  26.2  4:32AM  24.5  7:49AM  39.3   0.0  0.00   3.9  16.0 12:28AM     W
20  26.7  34.2  2:33PM  18.1 11:59PM  38.4   0.0  0.03   1.2   7.0  2:03AM    NW
21  26.0  40.9  3:44PM  14.8  7:51AM  39.0   0.0  0.00   0.6   5.0 12:23PM     E
22  35.1  39.8 11:51PM  28.0 12:05AM  29.9   0.0  0.61   3.4  17.0 10:26AM   ESE
23  13.3  40.1  6:19AM  -3.5  5:52PM  51.4   0.0  0.20   8.7  34.0  7:07AM   WSW
24   3.4  10.8 11:59PM  -2.5 12:00AM  61.6   0.0  0.00   9.4  29.0  1:13AM   WSW
25  12.7  13.7  2:35PM  10.7 12:00AM  52.3   0.0  0.00   6.6  25.0  7:10AM   WSW
26  15.5  20.9  3:48PM   7.5  8:38AM  49.5   0.0  0.00   3.3  16.0  1:20AM    SW
27  23.7  27.6  9:12PM  18.9 12:00AM  41.3   0.0  0.00   1.9   9.0  4:13PM    SW
28  28.3  44.2  3:10PM  14.7  7:53AM  36.7   0.0  0.02   1.2  17.0 12:47PM    SW
29  35.4  54.9  1:17PM  18.0  7:21AM  29.5   0.0  0.00   1.1  14.0 11:50AM    SW
30  46.6  64.5  2:40PM  36.5 11:59PM  18.4   0.0  0.00   0.9  14.0  1:16PM    SW
31  44.9  53.6  3:51PM  35.5  3:33AM  20.1   0.0  0.30   1.5  17.0  9:40PM     W
----------------------------------------------------------------------------------
    30.9  64.5    30    -3.5    23  1057.4   0.0  2.92   3.1  34.0    23     WSW

Max >=  80.0  0
Max <=  32.0  7
Min <=  32.0 24
Min <=   0.0  2
Max Rain: 0.80 on day 15
Days of Rain: 14 (>= 0.01 in)  6 (>= 0.10 in)  0 (>= 1.00 in)
Heat Base: 65.0  Cool Base: 65.0  Method: Integration