Select a Year or Month report

Report for 2024 Feb
                   Monthly Climatological Summary for Feb 2024

Name: West End Weather   City: Punxsutawney   State: Pennsylvania
Elevation: 1279 ft  Lat: N 40° 56' 38"   Lon: W 078° 59' 25"

                  Temperature (°F), Rain (in), Wind Speed (mph)

                                      Heat  Cool        Avg
    Mean                              Deg   Deg         Wind                 Dom
Day Temp  High   Time   Low    Time   Days  Days  Rain  Speed High   Time    Dir
----------------------------------------------------------------------------------
01  40.7  47.1  3:24PM  36.2  3:27AM  24.4   0.0  0.00   5.0  18.0  8:19AM   WSW
02  39.4  46.1  1:29PM  35.0 10:13PM  25.5   0.0  0.02   3.9  16.0  2:40PM   NNW
03  36.1  48.4  3:19PM  26.0 11:41PM  28.9   0.0  0.00   1.9   9.0  2:50AM   NNW
04  34.1  54.1  3:35PM  20.5  7:41AM  30.9   0.0  0.00   1.0   8.0 11:37AM   NNE
05  29.1  38.3 11:46AM  21.9  7:32AM  35.9   0.0  0.00   1.5  13.0 11:56AM    NE
06  28.6  44.5  4:14PM  17.0  7:02AM  36.4   0.0  0.00   1.1  10.0 10:37AM   ENE
07  32.0  51.8  3:22PM  18.2  6:41AM  33.0   0.0  0.00   0.7   6.0  1:11PM   ENE
08  37.9  59.4  3:19PM  22.8  5:58AM  27.1   0.0  0.00   0.7  12.0  2:33PM    SE
09  47.1  61.5  3:03PM  34.0  2:54AM  17.9   0.0  0.01   2.8  19.0  3:39PM    SW
10  49.7  58.5  2:18PM  36.9 12:38AM  15.3   0.0  0.09   2.8  18.0  2:19PM     W
11  36.2  45.3  3:06PM  25.3 11:59PM  28.9   0.0  0.00   1.0  11.0  2:24PM    NW
12  33.1  45.7  3:18PM  23.0  4:28AM  31.9   0.0  0.00   0.8   6.0 10:00AM   NNE
13  35.8  42.6  1:03PM  31.2 11:58PM  29.2   0.0  0.00   5.7  19.0 10:31AM   WNW
14  28.8  36.8  2:39PM  19.3 11:57PM  36.2   0.0  0.01   4.9  20.0  3:20PM   WNW
15  30.7  47.9  1:48PM  14.1  5:37AM  34.3   0.0  0.04   4.1  28.0  6:49PM     W
16  32.4  39.5  2:36PM  27.0 11:44PM  32.5   0.0  0.01   5.7  23.0  1:54AM   WNW
17  24.2  29.8 12:27PM  18.5 10:28PM  40.8   0.0  0.24   4.9  23.0 12:35PM     W
18  25.7  35.3  3:33PM  16.0  6:56AM  39.3   0.0  0.00   6.7  25.0 12:17PM   WSW
19  30.2  40.2  3:09PM  19.7 11:57PM  34.8   0.0  0.00   2.4  13.0 10:10AM   WNW
20  30.1  47.9  3:05PM  14.4  7:08AM  34.9   0.0  0.00   1.8  10.0  3:14PM   ESE
21  37.3  52.3  3:10PM  20.7  7:15AM  27.7   0.0  0.00   2.9  15.0  5:09PM   ESE
22  38.5  44.7 10:48AM  34.0  4:06AM  26.5   0.0  0.71   1.4  10.0 11:10AM   ENE
23  42.3  54.3  3:09PM  36.2  1:46AM  22.7   0.0  0.08   2.0  20.0  6:28PM   WNW
24  31.5  38.3  3:14PM  21.4 11:59PM  33.5   0.0  0.00   3.8  13.0 11:43AM    NW
25  29.7  45.7  3:44PM  14.5  6:58AM  35.3   0.0  0.00   2.5  15.0 10:05AM    SW
26  43.4  61.6  3:46PM  29.9  6:44AM  21.6   0.0  0.00   1.4  11.0  3:55PM   SSW
27  45.8  62.5 10:31AM  30.9  4:09AM  19.2   0.0  0.42   2.0  28.0 12:05PM    SE
28  47.6  59.5 11:29AM  26.3 11:54PM  17.4   0.0  0.76   6.6  27.0  8:19PM     W
29  27.4  34.5  3:34PM  22.1 11:46PM  37.6   0.0  0.01   5.8  22.0 10:46AM     W
----------------------------------------------------------------------------------
    35.4  62.5    27    14.1    15   859.6   0.0  2.40   3.0  28.0    15       W

Max >=  80.0  0
Max <=  32.0  1
Min <=  32.0 23
Min <=   0.0  0
Max Rain: 0.76 on day 28
Days of Rain: 12 (>= 0.01 in)  4 (>= 0.10 in)  0 (>= 1.00 in)
Heat Base: 65.0  Cool Base: 65.0  Method: Integration