Select a Year or Month report

Report for 2022 May
                   Monthly Climatological Summary for May 2022

Name: West End Weather   City: Punxsutawney   State: Pennsylvania
Elevation: 1279 ft  Lat: N 40° 56' 38"   Lon: W 078° 59' 25"

                  Temperature (°F), Rain (in), Wind Speed (mph)

                                      Heat  Cool        Avg
    Mean                              Deg   Deg         Wind                 Dom
Day Temp  High   Time   Low    Time   Days  Days  Rain  Speed High   Time    Dir
----------------------------------------------------------------------------------
01  53.0  58.6  5:32PM  46.6 12:00AM  12.0   0.0  0.84   2.6  16.0  8:28PM     E
02  53.7  62.2  5:00PM  41.3 11:53PM  11.3   0.0  0.01   2.4  14.0 10:28AM   WNW
03  55.1  71.2  5:44PM  37.9  5:19AM  10.9   1.0  0.74   2.6  22.0  7:12PM   ESE
04  58.5  65.9  1:25PM  53.0 11:53PM   6.5   0.0  0.27   3.4  16.0  1:41PM   WNW
05  58.7  70.4  4:27PM  44.5  6:52AM   7.2   0.9  0.00   1.8  13.0 12:09PM   ENE
06  52.6  61.8 12:06AM  49.1 11:35PM  12.4   0.0  2.47   3.5  20.0  6:51PM   ENE
07  49.8  52.5  5:04PM  47.6 11:59PM  15.1   0.0  0.53   4.3  21.0  3:11PM   ENE
08  50.0  65.6  4:16PM  32.8  6:40AM  15.0   0.0  0.00   2.7  16.0 10:31AM     E
09  53.1  73.3  4:56PM  32.4  6:19AM  13.5   1.6  0.00   2.5  16.0  2:31PM   ESE
10  56.4  76.6  4:25PM  34.6  6:22AM  11.5   2.9  0.00   2.2  16.0  1:08PM   ESE
11  59.9  82.1  5:17PM  36.6  5:59AM  10.0   4.9  0.00   1.6  14.0  4:09PM     E
12  62.8  82.1  3:55PM  39.7  6:14AM   8.0   5.8  0.00   2.7  18.0  5:08PM   ESE
13  64.8  78.6  3:07PM  50.9  5:12AM   3.8   3.7  0.01   3.0  28.0  4:51PM   ESE
14  67.1  78.7  4:33PM  55.7  5:23AM   2.5   4.5  0.02   2.0  14.0  5:05PM    SE
15  68.0  82.5  4:30PM  53.8  5:31AM   3.0   6.0  0.00   2.1  14.0  1:19PM   WSW
16  58.9  67.0  4:52PM  48.4 11:59PM   6.1   0.1  0.55   2.6  21.0  4:13PM     W
17  54.9  68.6  3:51PM  41.7  5:51AM  10.6   0.5  0.01   3.4  20.0 12:31PM   WNW
18  51.1  62.7 12:11PM  36.0  6:00AM  13.9   0.0  0.21   1.0   8.0 11:25AM   SSE
19  62.5  75.6  4:28PM  53.3 12:00AM   5.1   2.6  0.01   1.7  18.0  2:21PM     W
20  66.1  77.6  7:13PM  51.5  3:47AM   3.7   4.8  0.09   2.0  24.0 11:13AM    SW
21  73.7  86.6  3:41PM  57.9  5:42AM   1.3  10.0  0.00   2.8  30.0  9:24PM    SW
22  65.0  78.8 12:30PM  48.7 11:54PM   3.5   3.5  0.00   2.6  22.0  3:55PM     W
23  55.8  63.4 12:44PM  45.2  4:17AM   9.2   0.0  0.00   1.5  10.0  8:39AM   ENE
24  57.1  63.0  4:56PM  45.8  5:14AM   7.9   0.0  0.00   2.8  11.0  9:35AM   ESE
----------------------------------------------------------------------------------
    58.7  86.6    21    32.4     9   204.0  52.8  5.76   2.5  30.0    21     ESE

Max >=  80.0  4
Max <=  32.0  0
Min <=  32.0  0
Min <=   0.0  0
Max Rain: 2.47 on day 6
Days of Rain: 13 (>= 0.01 in)  7 (>= 0.10 in)  1 (>= 1.00 in)
Heat Base: 65.0  Cool Base: 65.0  Method: Integration